{"id":102,"date":"2018-05-08T10:22:44","date_gmt":"2018-05-08T10:22:44","guid":{"rendered":"http:\/\/koirasalmi.com\/?page_id=102"},"modified":"2025-05-11T08:43:50","modified_gmt":"2025-05-11T08:43:50","slug":"hinnasto","status":"publish","type":"page","link":"https:\/\/koirasalmi.com\/index.php\/palvelut\/hinnasto\/","title":{"rendered":"Hinnasto \/ Price list"},"content":{"rendered":"<h2 style=\"text-align: center;\">Koirasalmen luontotuvan hinnasto \/ Price list<\/h2>\n<p>&nbsp;<\/p>\n<h3><b>Majoitus\/Accommodation<\/b><\/h3>\n<ul>\n<li style=\"list-style-type: none;\">\n<ul>\n<li>Huone\/Room (1 hl\u00f6 \/ persons): 60 \u20ac \/ vrk \/ day.<\/li>\n<li>Huone\/Room (2-4\u00a0 hl\u00f6 \/ persons): 80 \u20ac \/ vrk \/ day. Lis\u00e4henkil\u00f6\/extra person 25\u20ac \/ vrk \/ day<\/li>\n<li>Luontotupa \/ Nature hut (6 huonetta \/ rooms, 22 hl\u00f6 \/ persons):\u00a0 420 \u20ac.<\/li>\n<li>Lis\u00e4vuorokaudet \/ extra days: 370 \u20ac.<\/li>\n<\/ul>\n<\/li>\n<li>omilla liinavaatteilla\/with own linen.<\/li>\n<\/ul>\n<h3><strong>Kes\u00e4huoneet tallissa \/ Summer rooms<\/strong><\/h3>\n<h4><strong>Iso Pilttuu<\/strong><\/h4>\n<ul>\n<li>Huone\/room (10 hl\u00f6 \/ persons): 110 \u20ac \/ vrk \/ day.<\/li>\n<li>Petipaikka\/ bedplace ,\u00a0 35 \u20ac \/ hl\u00f6 \/ vrk \u00a0person \/ day.<\/li>\n<\/ul>\n<h4><strong>Pikku Pilttuu<\/strong><\/h4>\n<ul>\n<li>Huone\/room (1-8 hl\u00f6 \/ persons): 90 \u20ac \/ vrk \/ day.<\/li>\n<\/ul>\n<p><b>Liinavaatteet \/ Bed linen:\u00a0<\/b><\/p>\n<ul>\n<li><b> <\/b>12 \u20ac \/ hl\u00f6 \/ person.<\/li>\n<li>3 \u20ac pyyhe\/ towel<\/li>\n<\/ul>\n<p><strong>Lis\u00e4maksu lemmikist\u00e4 \/ Pets:<\/strong><\/p>\n<ul>\n<li>15 \u20ac \/ lemmikki \/ Pet (kerta hinta \/ viipym\u00e4)<\/li>\n<\/ul>\n<h4><strong>Sauna<\/strong><\/h4>\n<p>Puul\u00e4mmitteinen \/ wood-burning stove<\/p>\n<ul>\n<li>(1.5. &#8211; 31.10.)\u00a0 \u00a0 \u00a030 \u20ac \/ h.<\/li>\n<li>(1.11. \u2013 30.4.)\u00a0 \u00a0 Minimi sauna-aika\u00a0 2 h \/ minimun sauna booking is for 2 hours.<\/li>\n<li>Ryhm\u00e4t 10+ hl\u00f6\u00e4 \/ groups\u00a0 \u00a0100 \u20ac \/ max3 h. (1.11.-30.4.) 120 \u20ac\/ max 3h.<\/li>\n<\/ul>\n<p><strong>Maahisen varauskota\/rental hut<\/strong><\/p>\n<ul>\n<li>30 \u20ac \/ h ,\u00a0 120 \u20ac \/ 6h.<\/li>\n<\/ul>\n<p><strong>Sysilammen vuokratupa 1 \/ Sysilampi rental hut<\/strong><\/p>\n<ul>\n<li>65 \u20ac \/ vrk \/ day<\/li>\n<\/ul>\n<p><strong>Sysilammen vuokratupa 2 ja sauna\/ Sysilampi rental hut 2 and sauna<\/strong><\/p>\n<ul>\n<li>95 \u20ac \/ vrk \/ day<\/li>\n<\/ul>\n<p><strong>Sysilammen vuokratupa 3 ja sauna\/ Sysilampi rental hut 3 and sauna<\/strong><\/p>\n<ul>\n<li>95 \u20ac \/ vrk \/ day<\/li>\n<\/ul>\n<p><strong>Pieni S\u00e4\u00e4ksj\u00e4rvi vuokratupa ja sauna\/ Pieni S\u00e4\u00e4ksj\u00e4rvi rental hut and sauna<\/strong><\/p>\n<ul>\n<li>95 \u20ac \/ vrk \/ day<\/li>\n<\/ul>\n<p><strong>Karavaanipaikka\/ Caravan place<\/strong><\/p>\n<ul>\n<li>Valos\u00e4hk\u00f6ll\u00e4 \/ Electricity:\u00a0 20 \u20ac\u00a0 \/vrk \/ day, 110 \u20ac \/ viikko \/ week, (hintaan sis\u00e4ltyy 2 hl\u00f6\u00e4, lis\u00e4henkil\u00f6t 2 \u20ac \/ hl\u00f6\u00a0 \/vrk) (include 2 person, other 2\u20ac \/ person \/ day). L\u00e4mmitys s\u00e4hk\u00f6 +5\u20ac\/vrk<\/li>\n<li>S\u00e4hk\u00f6t\u00f6n \/ Without electricity: 15 \u20ac \/ vrk \/ day, 75\u20ac \/ viikko \/ week, (hintaan sis\u00e4ltyy 2 hl\u00f6\u00e4, lis\u00e4henkil\u00f6t 2 \u20ac \/ hl\u00f6 \/ vrk) (include 2 person, other 2\u20ac \/ person\/day)<\/li>\n<\/ul>\n<p><strong>Teltta yms. majoite\/ Tent etc.\u00a0 \u00a0<\/strong><\/p>\n<ul>\n<li>\u00a07 \u20ac\/hl\u00f6,person \/ vrk, day<\/li>\n<\/ul>\n<p><strong>Soutuveneet \/ Boats<\/strong>\u00a0 (6 kpl \/ pcs)<\/p>\n<ul>\n<li style=\"list-style-type: none;\">\n<ul>\n<li style=\"list-style-type: none;\">\n<ul>\n<li>9 h\u00a0 \u00a0 15 \u20ac<\/li>\n<li>24 h: 20 \u20ac<\/li>\n<li>Viikko \/ week: 70 \u20ac<\/li>\n<li>Jos tuot oman kalastusveneen tai -kanootin Koiraj\u00e4rvelle, on hinta sama kuin vuokratessa.<\/li>\n<\/ul>\n<\/li>\n<\/ul>\n<\/li>\n<\/ul>\n<p><strong>Kanootit, kajakit \/ Canoes, kyaks<\/strong><b> (<\/b>3+2 kpl \/ pcs)<\/p>\n<ul>\n<li style=\"list-style-type: none;\">\n<ul>\n<li style=\"list-style-type: none;\">\n<ul>\n<li>3 h: 25 \u20ac<\/li>\n<li>9 h: 35 \u20ac<\/li>\n<li>24 h: 45 \u20ac<\/li>\n<\/ul>\n<\/li>\n<\/ul>\n<\/li>\n<\/ul>\n<p><strong>Polkuvene \/ pedalo<\/strong><\/p>\n<ul>\n<li style=\"list-style-type: none;\">\n<ul>\n<li style=\"list-style-type: none;\">\n<ul>\n<li>3h\u00a0 \u00a0 \u00a020 \u20ac<\/li>\n<li>6h\u00a0 \u00a0 \u00a030 \u20ac<\/li>\n<\/ul>\n<\/li>\n<\/ul>\n<\/li>\n<\/ul>\n<p><strong>Sup lauta \/ sub board <\/strong>(4 kpl \/ pcs)<\/p>\n<ul>\n<li>15\u20ac \/ h<\/li>\n<li>seuraava tunti \/ 10 \u20ac<\/li>\n<\/ul>\n<p><b><span style=\"vertical-align: inherit;\"><span style=\"vertical-align: inherit;\">Vapateline \/ rod holder 2,50 \u20ac<\/span><\/span><\/b><\/p>\n<p><strong><span style=\"vertical-align: inherit;\"><span style=\"vertical-align: inherit;\">Haavi \/ hand net 5 \u20ac<\/span><\/span><\/strong><\/p>\n<p><b>Kalastusluvat \/ fishing licences\u00a0<\/b>Ostaessasi verkkokaupasta \/ from the online store <a href=\"https:\/\/www.eraluvat.fi\/\" target=\"_blank\" rel=\"noopener\">eraluvat.fi<\/a><\/p>\n<ul>\n<li>Koiraj\u00e4rvi:\u00a0 \u00a024 h \/ 25 \u20ac<\/li>\n<li>Kaunislampi:\u00a0 24 h\/ 25 \u20ac<\/li>\n<li>Yhteislupa Iso Koiraj\u00e4rvi-Heikinlampi: 25\u20ac \/ vrk<\/li>\n<\/ul>\n<p>Luontotuvalta ostettaessa hintoihin lis\u00e4t\u00e4\u00e4n palvelumaksu<\/p>\n<ul>\n<li>Pieni Koiraj\u00e4rvi: vrk \/ day 5 \u20ac<\/li>\n<\/ul>\n<p><strong>Lumikeng\u00e4t \/ snowshoes\u00a0<\/strong><\/p>\n<ul>\n<li style=\"list-style-type: none;\">\n<ul>\n<li style=\"list-style-type: none;\">\n<ul>\n<li>15 \u20ac \/ p\u00e4iv\u00e4retki max. 6 h<\/li>\n<li>20 \u20ac \/vrk\/day<\/li>\n<\/ul>\n<\/li>\n<\/ul>\n<\/li>\n<\/ul>\n<p><strong>Mets\u00e4sukset \/ wilderness skis\u00a0<\/strong><\/p>\n<ul>\n<li>20 \u20ac \/ p\u00e4iv\u00e4retki, max. 6 h<\/li>\n<li>30 \u20ac \/ vrk \/ day<\/li>\n<li>50 \u20ac \/ vrk \/ 2 day<\/li>\n<\/ul>\n<p><strong>Liukulumikeng\u00e4t \/ Backcountry skis<\/strong><\/p>\n<ul>\n<li>30 \u20ac\/ p\u00e4iv\u00e4retki max. 6 h<\/li>\n<li>40 \u20ac\/ vrk\/day<\/li>\n<li>60\u20ac \/ 2 vrk\/ 2day<\/li>\n<\/ul>\n<p><strong><span style=\"vertical-align: inherit;\"><span style=\"vertical-align: inherit;\">Ahkio \/ sledge\u00a0\u00a0<\/span><\/span><\/strong><\/p>\n<ul>\n<li>20 \u20ac \/ vrk \/ day,\u00a0 50 \u20ac \/ 3 vrk \/ 3 day<\/li>\n<\/ul>\n<p><strong><span style=\"vertical-align: inherit;\"><span style=\"vertical-align: inherit;\">Potkukelkka<\/span><\/span><\/strong><strong><span style=\"vertical-align: inherit;\"><span style=\"vertical-align: inherit;\"> \/ kicksled<\/span><\/span><\/strong><\/p>\n<ul>\n<li style=\"list-style-type: none;\">\n<ul>\n<li style=\"list-style-type: none;\">\n<ul>\n<li>10 \u20ac \/ p\u00e4iv\u00e4 \/ day<\/li>\n<\/ul>\n<\/li>\n<\/ul>\n<\/li>\n<\/ul>\n<p><strong>L\u00f6yt\u00f6tavarat ja niiden s\u00e4ilytys:<br \/>\n<\/strong>Tavaroita s\u00e4ilytet\u00e4\u00e4n max 3kk.<br \/>\nMik\u00e4li tuotteita postitetaan on minimi pakkauskulut 15\u20ac + postiennakkomaksu.<\/p>\n<p>&nbsp;<\/p>\n","protected":false},"excerpt":{"rendered":"<p>Koirasalmen luontotuvan hinnasto \/ Price list &nbsp; Majoitus\/Accommodation Huone\/Room (1 hl\u00f6 \/ persons): 60 \u20ac \/ vrk \/ day. Huone\/Room (2-4\u00a0 hl\u00f6 \/ persons): 80 \u20ac \/ vrk \/ day. Lis\u00e4henkil\u00f6\/extra person 25\u20ac \/&#46;&#46;&#46;<\/p>\n","protected":false},"author":1,"featured_media":0,"parent":146,"menu_order":0,"comment_status":"closed","ping_status":"closed","template":"","meta":{"_exactmetrics_skip_tracking":false,"_exactmetrics_sitenote_active":false,"_exactmetrics_sitenote_note":"","_exactmetrics_sitenote_category":0,"footnotes":""},"class_list":["post-102","page","type-page","status-publish","hentry"],"yoast_head":"<!-- This site is optimized with the Yoast SEO plugin v26.8 - https:\/\/yoast.com\/product\/yoast-seo-wordpress\/ -->\n<title>Hinnasto \/ Price list - Koirasalmi.com<\/title>\n<meta name=\"description\" content=\"Koirasalmen luontotuvan hinnastosta l\u00f6yd\u00e4t hinnat erilaisille majoitus vaihtoehdoille, rantasaunalle, vuokrattaville v\u00e4lineille kes\u00e4lle ja talvelle\" \/>\n<meta name=\"robots\" content=\"index, follow, max-snippet:-1, max-image-preview:large, max-video-preview:-1\" \/>\n<link rel=\"canonical\" href=\"https:\/\/koirasalmi.com\/index.php\/palvelut\/hinnasto\/\" \/>\n<meta property=\"og:locale\" content=\"fi_FI\" \/>\n<meta property=\"og:type\" content=\"article\" \/>\n<meta property=\"og:title\" content=\"Hinnasto \/ Price list - Koirasalmi.com\" \/>\n<meta property=\"og:description\" content=\"Koirasalmen luontotuvan hinnastosta l\u00f6yd\u00e4t hinnat erilaisille majoitus vaihtoehdoille, rantasaunalle, vuokrattaville v\u00e4lineille kes\u00e4lle ja talvelle\" \/>\n<meta property=\"og:url\" content=\"https:\/\/koirasalmi.com\/index.php\/palvelut\/hinnasto\/\" \/>\n<meta property=\"og:site_name\" content=\"Koirasalmi.com\" \/>\n<meta property=\"article:publisher\" content=\"https:\/\/www.facebook.com\/koirasalmi\/\" \/>\n<meta property=\"article:modified_time\" content=\"2025-05-11T08:43:50+00:00\" \/>\n<meta name=\"twitter:card\" content=\"summary_large_image\" \/>\n<meta name=\"twitter:label1\" content=\"Arvioitu lukuaika\" \/>\n\t<meta name=\"twitter:data1\" content=\"4 minuuttia\" \/>\n<script type=\"application\/ld+json\" class=\"yoast-schema-graph\">{\"@context\":\"https:\/\/schema.org\",\"@graph\":[{\"@type\":\"WebPage\",\"@id\":\"https:\/\/koirasalmi.com\/index.php\/palvelut\/hinnasto\/\",\"url\":\"https:\/\/koirasalmi.com\/index.php\/palvelut\/hinnasto\/\",\"name\":\"Hinnasto \/ Price list - Koirasalmi.com\",\"isPartOf\":{\"@id\":\"https:\/\/koirasalmi.com\/#website\"},\"datePublished\":\"2018-05-08T10:22:44+00:00\",\"dateModified\":\"2025-05-11T08:43:50+00:00\",\"description\":\"Koirasalmen luontotuvan hinnastosta l\u00f6yd\u00e4t hinnat erilaisille majoitus vaihtoehdoille, rantasaunalle, vuokrattaville v\u00e4lineille kes\u00e4lle ja talvelle\",\"breadcrumb\":{\"@id\":\"https:\/\/koirasalmi.com\/index.php\/palvelut\/hinnasto\/#breadcrumb\"},\"inLanguage\":\"fi\",\"potentialAction\":[{\"@type\":\"ReadAction\",\"target\":[\"https:\/\/koirasalmi.com\/index.php\/palvelut\/hinnasto\/\"]}]},{\"@type\":\"BreadcrumbList\",\"@id\":\"https:\/\/koirasalmi.com\/index.php\/palvelut\/hinnasto\/#breadcrumb\",\"itemListElement\":[{\"@type\":\"ListItem\",\"position\":1,\"name\":\"Home\",\"item\":\"https:\/\/koirasalmi.com\/\"},{\"@type\":\"ListItem\",\"position\":2,\"name\":\"Palvelut\",\"item\":\"https:\/\/koirasalmi.com\/index.php\/palvelut\/\"},{\"@type\":\"ListItem\",\"position\":3,\"name\":\"Hinnasto \/ Price list\"}]},{\"@type\":\"WebSite\",\"@id\":\"https:\/\/koirasalmi.com\/#website\",\"url\":\"https:\/\/koirasalmi.com\/\",\"name\":\"Koirasalmi.com\",\"description\":\"Koirasalmen luontotupa | Majoitusta, kahvio-\/ruokapalveluita, sauna, aktiviteetteja Salamaj\u00e4rven kansallispuistossa\",\"publisher\":{\"@id\":\"https:\/\/koirasalmi.com\/#organization\"},\"potentialAction\":[{\"@type\":\"SearchAction\",\"target\":{\"@type\":\"EntryPoint\",\"urlTemplate\":\"https:\/\/koirasalmi.com\/?s={search_term_string}\"},\"query-input\":{\"@type\":\"PropertyValueSpecification\",\"valueRequired\":true,\"valueName\":\"search_term_string\"}}],\"inLanguage\":\"fi\"},{\"@type\":\"Organization\",\"@id\":\"https:\/\/koirasalmi.com\/#organization\",\"name\":\"Koirasalmi, Luonnollisesti M&M\",\"url\":\"https:\/\/koirasalmi.com\/\",\"logo\":{\"@type\":\"ImageObject\",\"inLanguage\":\"fi\",\"@id\":\"https:\/\/koirasalmi.com\/#\/schema\/logo\/image\/\",\"url\":\"https:\/\/koirasalmi.com\/wp-content\/uploads\/2019\/10\/Koirasalmi-logo.jpg\",\"contentUrl\":\"https:\/\/koirasalmi.com\/wp-content\/uploads\/2019\/10\/Koirasalmi-logo.jpg\",\"width\":417,\"height\":184,\"caption\":\"Koirasalmi, Luonnollisesti M&M\"},\"image\":{\"@id\":\"https:\/\/koirasalmi.com\/#\/schema\/logo\/image\/\"},\"sameAs\":[\"https:\/\/www.facebook.com\/koirasalmi\/\",\"https:\/\/www.instagram.com\/koirasalmi\/\",\"https:\/\/www.youtube.com\/channel\/UCq4an76hM_pKMTv76pjXW5A?guided_help_flow=3\"]}]}<\/script>\n<!-- \/ Yoast SEO plugin. -->","yoast_head_json":{"title":"Hinnasto \/ Price list - Koirasalmi.com","description":"Koirasalmen luontotuvan hinnastosta l\u00f6yd\u00e4t hinnat erilaisille majoitus vaihtoehdoille, rantasaunalle, vuokrattaville v\u00e4lineille kes\u00e4lle ja talvelle","robots":{"index":"index","follow":"follow","max-snippet":"max-snippet:-1","max-image-preview":"max-image-preview:large","max-video-preview":"max-video-preview:-1"},"canonical":"https:\/\/koirasalmi.com\/index.php\/palvelut\/hinnasto\/","og_locale":"fi_FI","og_type":"article","og_title":"Hinnasto \/ Price list - Koirasalmi.com","og_description":"Koirasalmen luontotuvan hinnastosta l\u00f6yd\u00e4t hinnat erilaisille majoitus vaihtoehdoille, rantasaunalle, vuokrattaville v\u00e4lineille kes\u00e4lle ja talvelle","og_url":"https:\/\/koirasalmi.com\/index.php\/palvelut\/hinnasto\/","og_site_name":"Koirasalmi.com","article_publisher":"https:\/\/www.facebook.com\/koirasalmi\/","article_modified_time":"2025-05-11T08:43:50+00:00","twitter_card":"summary_large_image","twitter_misc":{"Arvioitu lukuaika":"4 minuuttia"},"schema":{"@context":"https:\/\/schema.org","@graph":[{"@type":"WebPage","@id":"https:\/\/koirasalmi.com\/index.php\/palvelut\/hinnasto\/","url":"https:\/\/koirasalmi.com\/index.php\/palvelut\/hinnasto\/","name":"Hinnasto \/ Price list - Koirasalmi.com","isPartOf":{"@id":"https:\/\/koirasalmi.com\/#website"},"datePublished":"2018-05-08T10:22:44+00:00","dateModified":"2025-05-11T08:43:50+00:00","description":"Koirasalmen luontotuvan hinnastosta l\u00f6yd\u00e4t hinnat erilaisille majoitus vaihtoehdoille, rantasaunalle, vuokrattaville v\u00e4lineille kes\u00e4lle ja talvelle","breadcrumb":{"@id":"https:\/\/koirasalmi.com\/index.php\/palvelut\/hinnasto\/#breadcrumb"},"inLanguage":"fi","potentialAction":[{"@type":"ReadAction","target":["https:\/\/koirasalmi.com\/index.php\/palvelut\/hinnasto\/"]}]},{"@type":"BreadcrumbList","@id":"https:\/\/koirasalmi.com\/index.php\/palvelut\/hinnasto\/#breadcrumb","itemListElement":[{"@type":"ListItem","position":1,"name":"Home","item":"https:\/\/koirasalmi.com\/"},{"@type":"ListItem","position":2,"name":"Palvelut","item":"https:\/\/koirasalmi.com\/index.php\/palvelut\/"},{"@type":"ListItem","position":3,"name":"Hinnasto \/ Price list"}]},{"@type":"WebSite","@id":"https:\/\/koirasalmi.com\/#website","url":"https:\/\/koirasalmi.com\/","name":"Koirasalmi.com","description":"Koirasalmen luontotupa | Majoitusta, kahvio-\/ruokapalveluita, sauna, aktiviteetteja Salamaj\u00e4rven kansallispuistossa","publisher":{"@id":"https:\/\/koirasalmi.com\/#organization"},"potentialAction":[{"@type":"SearchAction","target":{"@type":"EntryPoint","urlTemplate":"https:\/\/koirasalmi.com\/?s={search_term_string}"},"query-input":{"@type":"PropertyValueSpecification","valueRequired":true,"valueName":"search_term_string"}}],"inLanguage":"fi"},{"@type":"Organization","@id":"https:\/\/koirasalmi.com\/#organization","name":"Koirasalmi, Luonnollisesti M&M","url":"https:\/\/koirasalmi.com\/","logo":{"@type":"ImageObject","inLanguage":"fi","@id":"https:\/\/koirasalmi.com\/#\/schema\/logo\/image\/","url":"https:\/\/koirasalmi.com\/wp-content\/uploads\/2019\/10\/Koirasalmi-logo.jpg","contentUrl":"https:\/\/koirasalmi.com\/wp-content\/uploads\/2019\/10\/Koirasalmi-logo.jpg","width":417,"height":184,"caption":"Koirasalmi, Luonnollisesti M&M"},"image":{"@id":"https:\/\/koirasalmi.com\/#\/schema\/logo\/image\/"},"sameAs":["https:\/\/www.facebook.com\/koirasalmi\/","https:\/\/www.instagram.com\/koirasalmi\/","https:\/\/www.youtube.com\/channel\/UCq4an76hM_pKMTv76pjXW5A?guided_help_flow=3"]}]}},"_links":{"self":[{"href":"https:\/\/koirasalmi.com\/index.php\/wp-json\/wp\/v2\/pages\/102","targetHints":{"allow":["GET"]}}],"collection":[{"href":"https:\/\/koirasalmi.com\/index.php\/wp-json\/wp\/v2\/pages"}],"about":[{"href":"https:\/\/koirasalmi.com\/index.php\/wp-json\/wp\/v2\/types\/page"}],"author":[{"embeddable":true,"href":"https:\/\/koirasalmi.com\/index.php\/wp-json\/wp\/v2\/users\/1"}],"replies":[{"embeddable":true,"href":"https:\/\/koirasalmi.com\/index.php\/wp-json\/wp\/v2\/comments?post=102"}],"version-history":[{"count":21,"href":"https:\/\/koirasalmi.com\/index.php\/wp-json\/wp\/v2\/pages\/102\/revisions"}],"predecessor-version":[{"id":2786,"href":"https:\/\/koirasalmi.com\/index.php\/wp-json\/wp\/v2\/pages\/102\/revisions\/2786"}],"up":[{"embeddable":true,"href":"https:\/\/koirasalmi.com\/index.php\/wp-json\/wp\/v2\/pages\/146"}],"wp:attachment":[{"href":"https:\/\/koirasalmi.com\/index.php\/wp-json\/wp\/v2\/media?parent=102"}],"curies":[{"name":"wp","href":"https:\/\/api.w.org\/{rel}","templated":true}]}}