{"id":634,"date":"2018-05-28T11:06:39","date_gmt":"2018-05-28T11:06:39","guid":{"rendered":"https:\/\/koirasalmi.com\/?page_id=634"},"modified":"2022-02-14T09:15:05","modified_gmt":"2022-02-14T09:15:05","slug":"tietosuojaseloste","status":"publish","type":"page","link":"https:\/\/koirasalmi.com\/index.php\/ota-yhteytta\/tietosuojaseloste\/","title":{"rendered":"Tietosuoja- ja rekisteriseloste"},"content":{"rendered":"<h2>Keit\u00e4 olemme<\/h2>\n<p>Koirasalmen luontotuvan verkkosivut omistaa <a href=\"https:\/\/koirasalmi.com\/index.php\/ota-yhteytta\/luonnollisesti-mm\/\" target=\"_blank\" rel=\"noopener noreferrer\">Luonnollisesti M&amp;M<\/a>. Verkkosivustomme osoite on: https:\/\/koirasalmi.com.<\/p>\n<h2>Mit\u00e4 henkil\u00f6tietoa ker\u00e4\u00e4mme ja miksi<\/h2>\n<h3>Kommentit<\/h3>\n<p>Kun sivuston k\u00e4ytt\u00e4j\u00e4t j\u00e4tt\u00e4v\u00e4t kommentteja sivustolle, ker\u00e4\u00e4mme kommenttilomakkeessa olevat tiedot, sek\u00e4 k\u00e4ytt\u00e4j\u00e4n IP-osoitteen ja selaimen versiotiedot roskaviestien tunnistamisen helpottamiseksi.<\/p>\n<p>Kun vierailijat j\u00e4tt\u00e4v\u00e4t kommentin t\u00e4lle sivustolle ker\u00e4\u00e4mme tiedon, joka on n\u00e4kyviss\u00e4 kommentointikentiss\u00e4, IP-osoitteen sek\u00e4 selaimen versioon liittyv\u00e4t tiedot. S\u00e4hk\u00f6postiosoitteesta luotu anonymisoitu hajautustieto (hash) voidaan l\u00e4hett\u00e4\u00e4 Gravatar-palveluun, jotta tiedet\u00e4\u00e4n onko kommentoija palvelun k\u00e4ytt\u00e4j\u00e4. Gravatar-palvelun tietosuojaseloste l\u00f6ytyy osoitteesta https:\/\/automattic.com\/privacy\/.<\/p>\n<h3>Media<\/h3>\n<p>Mik\u00e4li lataat kuvia t\u00e4lle sivustolle, sinun tulee v\u00e4ltt\u00e4\u00e4 sellaisten kuvien lataamista, joissa on tallennettu paikkatieto (EXIF GPS). Sivuston vierailijat voivat ladata ja katsoa paikkatietoa kuvista, joita sivustolla on.<\/p>\n<h3>Yhteydenottolomakkeet<\/h3>\n<p>Mik\u00e4li otat meihin yhteytt\u00e4 yhteydenottolomakkeen kautta, emme automaattisesti lis\u00e4\u00e4 sinua postituslistallemme. Kysymme aina luvan markkinointiviestien l\u00e4hett\u00e4miseen.<\/p>\n<h3>Ev\u00e4steet<\/h3>\n<p>Useimpien selainten oletusasetuksissa hyv\u00e4ksyt\u00e4\u00e4n ev\u00e4steiden k\u00e4ytt\u00f6, ja useimmat selaimet voidaan m\u00e4\u00e4ritt\u00e4\u00e4 kielt\u00e4m\u00e4\u00e4n ev\u00e4steet tai ilmoittamaan aina, kun ev\u00e4steit\u00e4 ollaan siirt\u00e4m\u00e4ss\u00e4 koneellesi. K\u00e4ytt\u00e4m\u00e4si selaimen ohjeissa kerrotaan, kuinka voit muuttaa selaimen asetuksia.<\/p>\n<p>Koirasalmen luontotuvan verkkosivuilla k\u00e4ytett\u00e4v\u00e4t ev\u00e4steet saattavat s\u00e4ily\u00e4 laitteellasi pidemm\u00e4n aikaa tai siihen asti, kun poistat ne itse (pysyv\u00e4t ev\u00e4steet). Jotkin ev\u00e4steet poistetaan automaattisesti laitteeltasi, kun poistut koirasalmi.com-verkkopalvelusta (istuntokohtaiset ev\u00e4steet).<\/p>\n<p>Jos j\u00e4t\u00e4t kommentin sivustolle, voit valita nimen, s\u00e4hk\u00f6postiosoitteen ja url-osoitteen tallennuksen ev\u00e4steeseen. T\u00e4m\u00e4 toiminto lis\u00e4\u00e4 k\u00e4ytt\u00f6mukavuutta, koska lomaketta ei tarvitse t\u00e4ytt\u00e4\u00e4 jokaisella kerralla uudelleen kommenttia lis\u00e4tess\u00e4. Ev\u00e4stetieto poistetaan selaimesta vuoden kuluttua.<\/p>\n<p>Mik\u00e4li sinulla on tili ja kirjaudut sivustolle asetamme v\u00e4liaikaisen ev\u00e4steen, joka p\u00e4\u00e4ttelee tukeeko selaimesi ev\u00e4steit\u00e4 vai ei. T\u00e4m\u00e4 ev\u00e4ste ei sis\u00e4ll\u00e4 henkil\u00f6tietoa ja se poistetaan kun selainikkuna suljetaan.<\/p>\n<p>Kun kirjaudut sis\u00e4\u00e4n asetamme useita ev\u00e4steit\u00e4, jotka tallentavat kirjautumis- sek\u00e4 n\u00e4ytt\u00f6asetuksesi. Kirjautumisev\u00e4steet poistetaan kahden vuorokauden kuluessa, n\u00e4ytt\u00f6asetuksiin liittyv\u00e4t ev\u00e4steet poistuvat vuoden p\u00e4\u00e4st\u00e4. Mik\u00e4li valitset \u201cMuista minut\u201d kirjautumisen yhteydess\u00e4, kirjautumistietojasi s\u00e4ilytet\u00e4\u00e4n kahden viikon ajan. Mik\u00e4li kirjaudut ulos, kirjautumiseen liittyv\u00e4t ev\u00e4steet poistetaan samassa yhteydess\u00e4.<\/p>\n<p>Mik\u00e4li julkaiset artikkelin tai muokkaat olemassa olevaa tallennamme selaimeen ev\u00e4steen, joka sis\u00e4lt\u00e4\u00e4 muokattavan artikkelin ID:n. Ev\u00e4ste vanhenee yhdess\u00e4 vuorokaudessa.<\/p>\n<p>Emme pysty tunnistamaan sinua ev\u00e4stetietojen perusteella.<\/p>\n<h3>Muilta sivustoilta upotettu sis\u00e4lt\u00f6<\/h3>\n<p>T\u00e4m\u00e4n sivuston artikkelit voivat sis\u00e4lt\u00e4\u00e4 upotettua sis\u00e4lt\u00f6\u00e4 (esimerkiksi videoita, kuvia, artikkeleita jne.). Toisilta sivustoilta tuodun upotetun sis\u00e4ll\u00f6n avaaminen on verrattavissa siihen, ett\u00e4 vierailija itse k\u00e4visi kolmannen osapuolen sivustolla.<\/p>\n<p>N\u00e4m\u00e4 sivustot voivat ker\u00e4t\u00e4 tietoa sinusta, k\u00e4ytt\u00e4\u00e4 ev\u00e4steit\u00e4, upottaa kolmannen osapuolen seurantaev\u00e4steit\u00e4 ja monitoroida vuorovaikutustasi upotetun sis\u00e4ll\u00f6n kanssa, mukaan lukien vuorovaikutuksen seuranta jos ja kun olet kirjautunut k\u00e4ytt\u00e4j\u00e4n\u00e4 sivustolle.<\/p>\n<h3>Analytiikka<\/h3>\n<p>Sivuston k\u00e4vij\u00e4tietoja ker\u00e4\u00e4mme Google Analyticsin avulla. Googlen karttapalvelu kertoo sijaintimme.<\/p>\n<ul>\n<li>Google Analytics:\u00a0<a href=\"https:\/\/developers.google.com\/analytics\/devguides\/collection\/analyticsjs\/cookie-usage\" target=\"_blank\" rel=\"noopener noreferrer\">Lis\u00e4tietoja Google Analyticsin tietosuojasta ja turvallisuudesta<\/a><\/li>\n<li>maps.google.com (karttapalvelu):\u00a0<a href=\"https:\/\/policies.google.com\/privacy\" target=\"_blank\" rel=\"noopener noreferrer\">Lis\u00e4tietoja Googlen tietosuojak\u00e4yt\u00e4nn\u00f6st\u00e4<\/a><\/li>\n<\/ul>\n<h2>Kuinka kauan s\u00e4ilyt\u00e4mme tietoa<\/h2>\n<p>Mik\u00e4li j\u00e4t\u00e4t kommentin, kommenttia ja sen metatietoa s\u00e4ilytet\u00e4\u00e4n toistaiseksi. T\u00e4m\u00e4 tehd\u00e4\u00e4n siksi, ett\u00e4 voimme tunnistaa ja hyv\u00e4ksy\u00e4 seuraavat kommentit automaattisesti sen sijaan, ett\u00e4 s\u00e4ilytt\u00e4isimme ne moderointijonossa.<\/p>\n<p>Tallennamme rekister\u00f6ityneiden k\u00e4ytt\u00e4jien (jos sellaisia on) k\u00e4ytt\u00e4j\u00e4profiilien tiedot. Kaikilla k\u00e4ytt\u00e4jill\u00e4 on mahdollisuus n\u00e4hd\u00e4, muokata ja poistaa omia henkil\u00f6tietojaan milloin vain. Ainoastaan k\u00e4ytt\u00e4j\u00e4nime\u00e4 ei voi muuttaa. Verkkosivuston yll\u00e4pit\u00e4j\u00e4t voivat n\u00e4hd\u00e4 ja muokata k\u00e4ytt\u00e4j\u00e4profiilien tietoja.<\/p>\n<h2>Mit\u00e4 oikeuksia sinulla on omaan tietoosi<\/h2>\n<p>Mik\u00e4li sinulla on k\u00e4ytt\u00e4j\u00e4tili t\u00e4lle sivustolle tai olet j\u00e4tt\u00e4nyt kommentteja, voit pyyt\u00e4\u00e4 koostetiedostoa omista henkil\u00f6tiedoistasi, sis\u00e4lt\u00e4en kaiken henkil\u00f6tiedon, jonka olet meille antanut. Voit my\u00f6s pyyt\u00e4\u00e4 henkil\u00f6tietojesi poistoa. Oikeus omien tietojen poistoon ei koske sellaista henkil\u00f6tietoa, joka meid\u00e4n on s\u00e4ilytett\u00e4v\u00e4 yll\u00e4pidollisista, juridisista tai tietoturvaan liittyvist\u00e4 syist\u00e4.<\/p>\n<h2>Minne l\u00e4het\u00e4mme tietosi<\/h2>\n<p>Vierailijoiden kommentteja saatetaan tarkistaa automatisoidun roskapostiestopalvelun kautta.<\/p>\n<p><a href=\"mailto:https:\/\/koirasalmi.com\/index.php\/ota-yhteytta\/\" target=\"_blank\" rel=\"noopener noreferrer\">koirasalmi@gmail.com<\/a><\/p>\n<p>&nbsp;<\/p>\n<h1><strong>Rekisteriseloste<\/strong><\/h1>\n<p>Rekisterinpit\u00e4j\u00e4ll\u00e4 on tietosuoja-asetuksen mukaan velvollisuus informoida selke\u00e4ll\u00e4 tavalla rekister\u00f6ityj\u00e4.<\/p>\n<p>T\u00e4m\u00e4 seloste t\u00e4ytt\u00e4\u00e4 informointivelvoitteen.<\/p>\n<h1>1. Rekisterinpit\u00e4j\u00e4<\/h1>\n<p>Luonnollisesti M&amp;M<\/p>\n<p>Yhteystiedot:<br \/>\nKoirasalmentie 1220<br \/>\n43800 Kivij\u00e4rvi<\/p>\n<p>Yhteystiedot rekisteri\u00e4 koskevissa asioissa<\/p>\n<p>Maarit Kirvesm\u00e4ki<br \/>\nKoirasalmentie 1220<br \/>\n43800 Kivij\u00e4rvi<br \/>\n<a href=\"tel:+358-40-9398147\">040 9398147<\/a><br \/>\nkoirasalmi@gmail.com<\/p>\n<p>Tapauksen mukaan mahdollisen tietosuojavastaavan yhteystiedot:<\/p>\n<p>Tietosuojavastaava<\/p>\n<p>Markku Lepp\u00e4nen<br \/>\nKoirasalmentie 1220<br \/>\n43800 Kivij\u00e4rvi<br \/>\n<a href=\"tel:+358-40-9398147\">040 9398147<\/a><br \/>\nkoirasalmi@gmail.com<\/p>\n<h1>2. Rekister\u00f6idyt<\/h1>\n<ul>\n<li>S\u00e4hk\u00f6posti<\/li>\n<li>Matkustajailmoitus viranomaisia varten<\/li>\n<li>Mets\u00e4hallituksen virkistyskalastuslupa<\/li>\n<li>Googlekalenteri Koirasalmi varaukset<\/li>\n<li>Isolta-ohjelman laskutus<\/li>\n<li>Johku-verkkokauppa varaukset<\/li>\n<\/ul>\n<h1>3. Henkil\u00f6tietojen k\u00e4ytt\u00f6tarkoitus<\/h1>\n<p>Rekisterin pit\u00e4misen peruste:<\/p>\n<ul>\n<li>Henkil\u00f6tietoja k\u00e4sitell\u00e4\u00e4n rekister\u00f6idyn asiakassuhteen perusteella<\/li>\n<li>Henkil\u00f6tietoja k\u00e4sitell\u00e4\u00e4n suostumuksen perusteella (esim. messuilla ker\u00e4tty potentiaalilista, lomakkeelle kysytty lupa markkinointiin)<\/li>\n<\/ul>\n<p><strong>Henkil\u00f6tietojen k\u00e4sittelyn ja rekisterin k\u00e4ytt\u00f6tarkoitus <\/strong><\/p>\n<p>Henkil\u00f6tietoja k\u00e4sitell\u00e4\u00e4n vain ennalta m\u00e4\u00e4riteltyihin tarkoituksiin, jotka ovat seuraavat:<\/p>\n<ul>\n<li>Asiakassuhteen hoitaminen<\/li>\n<li>Palveluistamme kertominen<\/li>\n<\/ul>\n<ol start=\"4\">\n<li>\n<h1><strong> Rekisteriin tallennettavat henkil\u00f6tiedot<\/strong><\/h1>\n<\/li>\n<\/ol>\n<p>Asiakasrekisteri sis\u00e4lt\u00e4\u00e4 seuraavat tiedot:<\/p>\n<p>Yhteystiedot<\/p>\n<ul>\n<li>nimi<\/li>\n<li>osoite<\/li>\n<li>s\u00e4hk\u00f6posti<\/li>\n<li>puhelinnumero<\/li>\n<\/ul>\n<p>Asiakastiedot<\/p>\n<ul>\n<li>tiedot ostetuista tuotteista \/ palveluista<\/li>\n<\/ul>\n<h1>5. Rekister\u00f6idyn oikeudet<\/h1>\n<p>Rekister\u00f6idyll\u00e4 on seuraavat oikeudet, joiden k\u00e4ytt\u00e4mist\u00e4 koskevat pyynn\u00f6t tulee tehd\u00e4 osoitteeseen :<\/p>\n<p>Maarit Kirvesm\u00e4ki<br \/>\nKoirasalmentie 1220<br \/>\n43800 Kivij\u00e4rvi<br \/>\n<a href=\"tel:+358-40-9398147\">040 939 8147<\/a><br \/>\nkoirasalmi@gmail.com<\/p>\n<p><strong>Tarkastusoikeus <\/strong><\/p>\n<p>Rekister\u00f6ity voi tarkistaa tallentamamme henkil\u00f6tiedot.<\/p>\n<p><strong>Oikeus tietojen oikaisemiseen<\/strong><\/p>\n<p>Rekister\u00f6ity voi pyyt\u00e4\u00e4 oikaisemaan h\u00e4nt\u00e4 koskevat virheelliset tai puutteelliset tiedot.<\/p>\n<p><strong>Vastustamisoikeus<\/strong><\/p>\n<p>Rekister\u00f6ity voi vastustaa henkil\u00f6tietojen k\u00e4sittely\u00e4, mik\u00e4li kokee, ett\u00e4 henkil\u00f6tietoja on k\u00e4sitelty lainvastaisesti.<\/p>\n<p><strong>Suoramarkkinointikielto<\/strong><\/p>\n<p>Rekister\u00f6idyll\u00e4 on oikeus kielt\u00e4\u00e4 tietojen k\u00e4ytt\u00e4minen suoramarkkinointiin.<\/p>\n<p><strong>Poisto-oikeus <\/strong><\/p>\n<p>Rekister\u00f6idyll\u00e4 on oikeus pyyt\u00e4\u00e4 tietojen poistamista, jos tietojen k\u00e4sittely ei ole tarpeen.<\/p>\n<p>K\u00e4sittelemme poistopyynn\u00f6n, jonka j\u00e4lkeen joko poistamme tiedot tai ilmoitamme perustellun syyn, miksi tietoja ei voida poistaa.<\/p>\n<p>On huomioitava, ett\u00e4 rekisterinpit\u00e4j\u00e4ll\u00e4 voi olla lakis\u00e4\u00e4teinen tai muu oikeus olla poistamatta pyydetty\u00e4 tietoa.<\/p>\n<p>Rekisterinpit\u00e4j\u00e4ll\u00e4 on velvollisuus s\u00e4ilytt\u00e4\u00e4 kirjanpitoaineisto Kirjanpitolaissa (luku 2, 10 \u00a7) m\u00e4\u00e4ritellyn ajan (10 vuotta) mukaisesti.<\/p>\n<p>T\u00e4m\u00e4n vuoksi kirjanpitoon liittyv\u00e4\u00e4 aineistoa ei voida poistaa ennen m\u00e4\u00e4r\u00e4ajan umpeutumista.<\/p>\n<p><strong>Suostumuksen peruuttaminen,<\/strong><\/p>\n<p>Jos rekister\u00f6ity\u00e4 koskeva henkil\u00f6tietojen k\u00e4sittely perustuu ainoastaan suostumukseen, eik\u00e4 esim. asiakkuuteen tai j\u00e4senyyteen,<\/p>\n<p>voi rekister\u00f6ity peruuttaa suostumuksen.<\/p>\n<p><strong>Rekister\u00f6ity voi valittaa p\u00e4\u00e4t\u00f6ksest\u00e4 tietosuojavaltuutetulle<\/strong><\/p>\n<p>Rekister\u00f6idyll\u00e4 on oikeus vaatia, ett\u00e4 rajoitamme kiistanalaisten tietojen k\u00e4sittely\u00e4 siksi aikaa, kunnes asia saadaan ratkaistua.<\/p>\n<p><strong>Valitusoikeus <\/strong><\/p>\n<p>Rekister\u00f6idyll\u00e4 on oikeus tehd\u00e4 valitus tietosuojavaltuutetulle kantelu, jos h\u00e4n kokee, ett\u00e4 rikomme henkil\u00f6tietoja k\u00e4sitelless\u00e4mme voimassa olevaa tietosuojalains\u00e4\u00e4d\u00e4nt\u00f6\u00e4.<\/p>\n<p>Tietosuojavaltuutetun yhteystiedot: \u00a0<a href=\"http:\/\/www.tietosuoja.fi\/fi\/index\/yhteystiedot.html\" target=\"_blank\" rel=\"noopener noreferrer\">www.tietosuoja.fi\/fi\/index\/yhteystiedot.html<\/a><\/p>\n<h1>6. S\u00e4\u00e4nn\u00f6nmukaiset tietol\u00e4hteet<\/h1>\n<p>Asiakastiedot saadaan s\u00e4\u00e4nn\u00f6nmukaisesti:<\/p>\n<ul>\n<li>S\u00e4hk\u00f6posti<\/li>\n<li>Matkustajailmoitus viranomaisia varten<\/li>\n<li>Mets\u00e4hallituksen virkistyskalastuslupa<\/li>\n<li>Googlekalenteri Koirasalmi varaukset<\/li>\n<li>Isolta-ohjelman laskutus<\/li>\n<li>Verkkokauppa ja siihen liittyv\u00e4t j\u00e4rjestelm\u00e4t sek\u00e4 lis\u00e4ksi verkkokaupan markkinointiin liittyv\u00e4t kampanjat<\/li>\n<\/ul>\n<h1>7. S\u00e4\u00e4nn\u00f6nmukaiset tietojen luovutukset<\/h1>\n<p>Tietoja ei p\u00e4\u00e4s\u00e4\u00e4nt\u00f6isesti luovuteta markkinointitarkoituksiin yrityksen Luonnollisesti M&amp;M:n ulkopuolelle.<\/p>\n<h1>8. K\u00e4sittelyn kesto<\/h1>\n<ul>\n<li>Henkil\u00f6tietoja k\u00e4sitell\u00e4\u00e4n p\u00e4\u00e4s\u00e4\u00e4nt\u00f6isesti niin kauan, kuin asiakkuus on voimassa<\/li>\n<\/ul>\n<h1>9. Henkil\u00f6tietojen k\u00e4sittelij\u00e4t<\/h1>\n<p>Rekisterinpit\u00e4j\u00e4 ja t\u00e4m\u00e4n ty\u00f6ntekij\u00e4t k\u00e4sittelev\u00e4t henkil\u00f6tietoja. Voimme my\u00f6s ulkoistaa henkil\u00f6tietojen k\u00e4sittelyn osittain kolmannelle osapuolelle ( esim. tilitoimisto tai IT-tuki, jolla on p\u00e4\u00e4sy tietoj\u00e4rjestelmiin ), jolloin takaamme sopimusj\u00e4rjestelyin, ett\u00e4 henkil\u00f6tietoja k\u00e4sitell\u00e4\u00e4n voimassa olevan tietosuojalains\u00e4\u00e4d\u00e4nn\u00f6n mukaisesti ja muutoin asianmukaisesti.<\/p>\n<h1>10. Tietojen siirto EU:n ulkopuolelle<\/h1>\n<p>Henkil\u00f6tietoja ei siirret\u00e4 EU:n tai Euroopan talousalueen ulkopuolelle.<\/p>\n<h1>11. Automaattinen p\u00e4\u00e4t\u00f6ksenteko ja profilointi<\/h1>\n<p>Emme k\u00e4yt\u00e4 tietoja automaattiseen p\u00e4\u00e4t\u00f6ksentekoon tai profilointiin.<\/p>\n<h1>12. Kuinka suojelemme henkil\u00f6tietojasi<\/h1>\n<ul>\n<li>S\u00e4hk\u00f6postiin p\u00e4\u00e4sy ainoastaan rekisterin pit\u00e4j\u00e4ll\u00e4 ja tietosuojavaltuutetulla.<\/li>\n<li>Matkustajailmoitukset h\u00e4vitet\u00e4\u00e4n polttamalla yhden vuoden j\u00e4lkeen tietosuojavaltuutetun toimesta.<\/li>\n<li>Mets\u00e4hallituksen virkistyskalastus lupavihkot postitetaan Mets\u00e4hallitukselle joka kolmas kuukausi.<\/li>\n<\/ul>\n<h1>13. Miten toimimme tietomurron tapahtuessa<\/h1>\n<ul>\n<li>Tietokoneessamme on aina automaattisesti p\u00e4ivittyv\u00e4 Windowsin viimeisin\u00a0 versio sek\u00e4 palomuuri- ja virustorjunta ohjelmat.<\/li>\n<li>Mahdollisen tietomurron tapahtuessa ilmoitamme aina tapahtumasta s\u00e4hk\u00f6isess\u00e4 rekisteriss\u00e4 olleille asiakkaille.<\/li>\n<\/ul>\n","protected":false},"excerpt":{"rendered":"<p>Keit\u00e4 olemme Koirasalmen luontotuvan verkkosivut omistaa Luonnollisesti M&amp;M. Verkkosivustomme osoite on: https:\/\/koirasalmi.com. Mit\u00e4 henkil\u00f6tietoa ker\u00e4\u00e4mme ja miksi Kommentit Kun sivuston k\u00e4ytt\u00e4j\u00e4t j\u00e4tt\u00e4v\u00e4t kommentteja sivustolle, ker\u00e4\u00e4mme kommenttilomakkeessa olevat tiedot, sek\u00e4 k\u00e4ytt\u00e4j\u00e4n IP-osoitteen ja selaimen versiotiedot&#46;&#46;&#46;<\/p>\n","protected":false},"author":2,"featured_media":0,"parent":84,"menu_order":0,"comment_status":"closed","ping_status":"closed","template":"","meta":{"_exactmetrics_skip_tracking":false,"_exactmetrics_sitenote_active":false,"_exactmetrics_sitenote_note":"","_exactmetrics_sitenote_category":0,"footnotes":""},"class_list":["post-634","page","type-page","status-publish","hentry"],"yoast_head":"<!-- This site is optimized with the Yoast SEO plugin v26.8 - https:\/\/yoast.com\/product\/yoast-seo-wordpress\/ -->\n<title>Tietosuoja- ja rekisteriseloste - Koirasalmi.com<\/title>\n<meta name=\"description\" content=\"Koirasalmen luontotuvan verkkosivut omistaa Luonnollisesti M&amp;M. Verkkosivustomme osoite on: https:\/\/koirasalmi.com.\" \/>\n<meta name=\"robots\" content=\"index, follow, max-snippet:-1, max-image-preview:large, max-video-preview:-1\" \/>\n<link rel=\"canonical\" href=\"https:\/\/koirasalmi.com\/index.php\/ota-yhteytta\/tietosuojaseloste\/\" \/>\n<meta property=\"og:locale\" content=\"fi_FI\" \/>\n<meta property=\"og:type\" content=\"article\" \/>\n<meta property=\"og:title\" content=\"Tietosuoja- ja rekisteriseloste - Koirasalmi.com\" \/>\n<meta property=\"og:description\" content=\"Koirasalmen luontotuvan verkkosivut omistaa Luonnollisesti M&amp;M. Verkkosivustomme osoite on: https:\/\/koirasalmi.com.\" \/>\n<meta property=\"og:url\" content=\"https:\/\/koirasalmi.com\/index.php\/ota-yhteytta\/tietosuojaseloste\/\" \/>\n<meta property=\"og:site_name\" content=\"Koirasalmi.com\" \/>\n<meta property=\"article:publisher\" content=\"https:\/\/www.facebook.com\/koirasalmi\/\" \/>\n<meta property=\"article:modified_time\" content=\"2022-02-14T09:15:05+00:00\" \/>\n<meta name=\"twitter:card\" content=\"summary_large_image\" \/>\n<meta name=\"twitter:label1\" content=\"Arvioitu lukuaika\" \/>\n\t<meta name=\"twitter:data1\" content=\"7 minuuttia\" \/>\n<script type=\"application\/ld+json\" class=\"yoast-schema-graph\">{\"@context\":\"https:\/\/schema.org\",\"@graph\":[{\"@type\":\"WebPage\",\"@id\":\"https:\/\/koirasalmi.com\/index.php\/ota-yhteytta\/tietosuojaseloste\/\",\"url\":\"https:\/\/koirasalmi.com\/index.php\/ota-yhteytta\/tietosuojaseloste\/\",\"name\":\"Tietosuoja- ja rekisteriseloste - Koirasalmi.com\",\"isPartOf\":{\"@id\":\"https:\/\/koirasalmi.com\/#website\"},\"datePublished\":\"2018-05-28T11:06:39+00:00\",\"dateModified\":\"2022-02-14T09:15:05+00:00\",\"description\":\"Koirasalmen luontotuvan verkkosivut omistaa Luonnollisesti M&M. Verkkosivustomme osoite on: https:\/\/koirasalmi.com.\",\"breadcrumb\":{\"@id\":\"https:\/\/koirasalmi.com\/index.php\/ota-yhteytta\/tietosuojaseloste\/#breadcrumb\"},\"inLanguage\":\"fi\",\"potentialAction\":[{\"@type\":\"ReadAction\",\"target\":[\"https:\/\/koirasalmi.com\/index.php\/ota-yhteytta\/tietosuojaseloste\/\"]}]},{\"@type\":\"BreadcrumbList\",\"@id\":\"https:\/\/koirasalmi.com\/index.php\/ota-yhteytta\/tietosuojaseloste\/#breadcrumb\",\"itemListElement\":[{\"@type\":\"ListItem\",\"position\":1,\"name\":\"Home\",\"item\":\"https:\/\/koirasalmi.com\/\"},{\"@type\":\"ListItem\",\"position\":2,\"name\":\"Ota yhteytt\u00e4\",\"item\":\"https:\/\/koirasalmi.com\/index.php\/ota-yhteytta\/\"},{\"@type\":\"ListItem\",\"position\":3,\"name\":\"Tietosuoja- ja rekisteriseloste\"}]},{\"@type\":\"WebSite\",\"@id\":\"https:\/\/koirasalmi.com\/#website\",\"url\":\"https:\/\/koirasalmi.com\/\",\"name\":\"Koirasalmi.com\",\"description\":\"Koirasalmen luontotupa | Majoitusta, kahvio-\/ruokapalveluita, sauna, aktiviteetteja Salamaj\u00e4rven kansallispuistossa\",\"publisher\":{\"@id\":\"https:\/\/koirasalmi.com\/#organization\"},\"potentialAction\":[{\"@type\":\"SearchAction\",\"target\":{\"@type\":\"EntryPoint\",\"urlTemplate\":\"https:\/\/koirasalmi.com\/?s={search_term_string}\"},\"query-input\":{\"@type\":\"PropertyValueSpecification\",\"valueRequired\":true,\"valueName\":\"search_term_string\"}}],\"inLanguage\":\"fi\"},{\"@type\":\"Organization\",\"@id\":\"https:\/\/koirasalmi.com\/#organization\",\"name\":\"Koirasalmi, Luonnollisesti M&M\",\"url\":\"https:\/\/koirasalmi.com\/\",\"logo\":{\"@type\":\"ImageObject\",\"inLanguage\":\"fi\",\"@id\":\"https:\/\/koirasalmi.com\/#\/schema\/logo\/image\/\",\"url\":\"https:\/\/koirasalmi.com\/wp-content\/uploads\/2019\/10\/Koirasalmi-logo.jpg\",\"contentUrl\":\"https:\/\/koirasalmi.com\/wp-content\/uploads\/2019\/10\/Koirasalmi-logo.jpg\",\"width\":417,\"height\":184,\"caption\":\"Koirasalmi, Luonnollisesti M&M\"},\"image\":{\"@id\":\"https:\/\/koirasalmi.com\/#\/schema\/logo\/image\/\"},\"sameAs\":[\"https:\/\/www.facebook.com\/koirasalmi\/\",\"https:\/\/www.instagram.com\/koirasalmi\/\",\"https:\/\/www.youtube.com\/channel\/UCq4an76hM_pKMTv76pjXW5A?guided_help_flow=3\"]}]}<\/script>\n<!-- \/ Yoast SEO plugin. -->","yoast_head_json":{"title":"Tietosuoja- ja rekisteriseloste - Koirasalmi.com","description":"Koirasalmen luontotuvan verkkosivut omistaa Luonnollisesti M&M. Verkkosivustomme osoite on: https:\/\/koirasalmi.com.","robots":{"index":"index","follow":"follow","max-snippet":"max-snippet:-1","max-image-preview":"max-image-preview:large","max-video-preview":"max-video-preview:-1"},"canonical":"https:\/\/koirasalmi.com\/index.php\/ota-yhteytta\/tietosuojaseloste\/","og_locale":"fi_FI","og_type":"article","og_title":"Tietosuoja- ja rekisteriseloste - Koirasalmi.com","og_description":"Koirasalmen luontotuvan verkkosivut omistaa Luonnollisesti M&M. Verkkosivustomme osoite on: https:\/\/koirasalmi.com.","og_url":"https:\/\/koirasalmi.com\/index.php\/ota-yhteytta\/tietosuojaseloste\/","og_site_name":"Koirasalmi.com","article_publisher":"https:\/\/www.facebook.com\/koirasalmi\/","article_modified_time":"2022-02-14T09:15:05+00:00","twitter_card":"summary_large_image","twitter_misc":{"Arvioitu lukuaika":"7 minuuttia"},"schema":{"@context":"https:\/\/schema.org","@graph":[{"@type":"WebPage","@id":"https:\/\/koirasalmi.com\/index.php\/ota-yhteytta\/tietosuojaseloste\/","url":"https:\/\/koirasalmi.com\/index.php\/ota-yhteytta\/tietosuojaseloste\/","name":"Tietosuoja- ja rekisteriseloste - Koirasalmi.com","isPartOf":{"@id":"https:\/\/koirasalmi.com\/#website"},"datePublished":"2018-05-28T11:06:39+00:00","dateModified":"2022-02-14T09:15:05+00:00","description":"Koirasalmen luontotuvan verkkosivut omistaa Luonnollisesti M&M. Verkkosivustomme osoite on: https:\/\/koirasalmi.com.","breadcrumb":{"@id":"https:\/\/koirasalmi.com\/index.php\/ota-yhteytta\/tietosuojaseloste\/#breadcrumb"},"inLanguage":"fi","potentialAction":[{"@type":"ReadAction","target":["https:\/\/koirasalmi.com\/index.php\/ota-yhteytta\/tietosuojaseloste\/"]}]},{"@type":"BreadcrumbList","@id":"https:\/\/koirasalmi.com\/index.php\/ota-yhteytta\/tietosuojaseloste\/#breadcrumb","itemListElement":[{"@type":"ListItem","position":1,"name":"Home","item":"https:\/\/koirasalmi.com\/"},{"@type":"ListItem","position":2,"name":"Ota yhteytt\u00e4","item":"https:\/\/koirasalmi.com\/index.php\/ota-yhteytta\/"},{"@type":"ListItem","position":3,"name":"Tietosuoja- ja rekisteriseloste"}]},{"@type":"WebSite","@id":"https:\/\/koirasalmi.com\/#website","url":"https:\/\/koirasalmi.com\/","name":"Koirasalmi.com","description":"Koirasalmen luontotupa | Majoitusta, kahvio-\/ruokapalveluita, sauna, aktiviteetteja Salamaj\u00e4rven kansallispuistossa","publisher":{"@id":"https:\/\/koirasalmi.com\/#organization"},"potentialAction":[{"@type":"SearchAction","target":{"@type":"EntryPoint","urlTemplate":"https:\/\/koirasalmi.com\/?s={search_term_string}"},"query-input":{"@type":"PropertyValueSpecification","valueRequired":true,"valueName":"search_term_string"}}],"inLanguage":"fi"},{"@type":"Organization","@id":"https:\/\/koirasalmi.com\/#organization","name":"Koirasalmi, Luonnollisesti M&M","url":"https:\/\/koirasalmi.com\/","logo":{"@type":"ImageObject","inLanguage":"fi","@id":"https:\/\/koirasalmi.com\/#\/schema\/logo\/image\/","url":"https:\/\/koirasalmi.com\/wp-content\/uploads\/2019\/10\/Koirasalmi-logo.jpg","contentUrl":"https:\/\/koirasalmi.com\/wp-content\/uploads\/2019\/10\/Koirasalmi-logo.jpg","width":417,"height":184,"caption":"Koirasalmi, Luonnollisesti M&M"},"image":{"@id":"https:\/\/koirasalmi.com\/#\/schema\/logo\/image\/"},"sameAs":["https:\/\/www.facebook.com\/koirasalmi\/","https:\/\/www.instagram.com\/koirasalmi\/","https:\/\/www.youtube.com\/channel\/UCq4an76hM_pKMTv76pjXW5A?guided_help_flow=3"]}]}},"_links":{"self":[{"href":"https:\/\/koirasalmi.com\/index.php\/wp-json\/wp\/v2\/pages\/634","targetHints":{"allow":["GET"]}}],"collection":[{"href":"https:\/\/koirasalmi.com\/index.php\/wp-json\/wp\/v2\/pages"}],"about":[{"href":"https:\/\/koirasalmi.com\/index.php\/wp-json\/wp\/v2\/types\/page"}],"author":[{"embeddable":true,"href":"https:\/\/koirasalmi.com\/index.php\/wp-json\/wp\/v2\/users\/2"}],"replies":[{"embeddable":true,"href":"https:\/\/koirasalmi.com\/index.php\/wp-json\/wp\/v2\/comments?post=634"}],"version-history":[{"count":20,"href":"https:\/\/koirasalmi.com\/index.php\/wp-json\/wp\/v2\/pages\/634\/revisions"}],"predecessor-version":[{"id":1927,"href":"https:\/\/koirasalmi.com\/index.php\/wp-json\/wp\/v2\/pages\/634\/revisions\/1927"}],"up":[{"embeddable":true,"href":"https:\/\/koirasalmi.com\/index.php\/wp-json\/wp\/v2\/pages\/84"}],"wp:attachment":[{"href":"https:\/\/koirasalmi.com\/index.php\/wp-json\/wp\/v2\/media?parent=634"}],"curies":[{"name":"wp","href":"https:\/\/api.w.org\/{rel}","templated":true}]}}