{"id":75,"date":"2018-05-08T09:43:10","date_gmt":"2018-05-08T09:43:10","guid":{"rendered":"http:\/\/koirasalmi.com\/?page_id=75"},"modified":"2026-04-16T18:01:36","modified_gmt":"2026-04-16T18:01:36","slug":"kahvion-aukioloajat-ja-tapahtumat","status":"publish","type":"page","link":"https:\/\/koirasalmi.com\/index.php\/palvelut\/kahvio-ja-kioski\/kahvion-aukioloajat-ja-tapahtumat\/","title":{"rendered":"Kahvion aukioloajat ja tapahtumat"},"content":{"rendered":"<h2 style=\"text-align: center;\"><\/h2>\n<div id=\"attachment_427\" style=\"width: 610px\" class=\"wp-caption aligncenter\"><img decoding=\"async\" aria-describedby=\"caption-attachment-427\" class=\"wp-image-427 lazyload\" data-src=\"https:\/\/koirasalmi.com\/wp-content\/uploads\/2018\/05\/DSC_0001_3-e1582305983125.jpg\" alt=\"\" width=\"600\" height=\"337\" src=\"data:image\/svg+xml;base64,PHN2ZyB3aWR0aD0iMSIgaGVpZ2h0PSIxIiB4bWxucz0iaHR0cDovL3d3dy53My5vcmcvMjAwMC9zdmciPjwvc3ZnPg==\" style=\"--smush-placeholder-width: 600px; --smush-placeholder-aspect-ratio: 600\/337;\" \/><p id=\"caption-attachment-427\" class=\"wp-caption-text\">Salamaj\u00e4rven kansallispuisto, Koirasalmen luontotuvan kahvio ja kioski.<\/p><\/div>\n<p><span style=\"text-align: center; font-size: 16px;\"><strong>KAHVIO JA LUONTOTUPA <\/strong><\/span><\/p>\n<p><span style=\"text-align: center; font-size: 16px;\"><strong>AUKIOLOAJAT<\/strong><\/span><\/p>\n<ul>\n<li>21.2.- 22.2. ja 28.2.- 1.3.2026 klo 10-16<\/li>\n<li>3.-6.4.2026 klo 10-16<\/li>\n<li>Toukokuussa la-su klo 10-16, my\u00f6s 1.5. ja 14.-15.5.<\/li>\n<li>30.5. \u2013 30.8.2026 joka p\u00e4iv\u00e4 klo 10-16<\/li>\n<li>syys- ja lokakuu la-su klo 10-16, 18.10.2026 saakka<\/li>\n<li>12.-18.10. palvelemme joka p\u00e4iv\u00e4 klo 10-16<\/li>\n<\/ul>\n<p>Majoituspalvelut ja caravan-alueen palvelut saatavilla ymp\u00e4ri vuoden.<\/p>\n<p>Lis\u00e4tiedot ja varaukset p. 0409398147, l\u00e4mpim\u00e4sti tervetuloa!<\/p>\n<p>&#8230;&#8230;&#8230;&#8230;&#8230;&#8230;&#8230;&#8230;&#8230;&#8230;&#8230;&#8230;&#8230;&#8230;&#8230;&#8230;.<\/p>\n<p><span style=\"text-align: center; font-size: 16px;\"><strong>OPEN HOURS<\/strong><\/span><\/p>\n<ul>\n<li dir=\"ltr\" data-placeholder=\"K\u00e4\u00e4nn\u00f6s\" data-ved=\"2ahUKEwjChPnLzI6OAxVvPhAIHe46CT8Q3ewLegQICRAW\" aria-label=\"K\u00e4\u00e4nnetty teksti: May 29th.\">February 21st &#8211; 22nd and February 28th &#8211; March 1st at 10 am. &#8211; 4 pm<\/li>\n<li dir=\"ltr\" data-placeholder=\"K\u00e4\u00e4nn\u00f6s\" data-ved=\"2ahUKEwjChPnLzI6OAxVvPhAIHe46CT8Q3ewLegQICRAW\" aria-label=\"K\u00e4\u00e4nnetty teksti: May 29th.\">April 3rd &#8211; 6th at 10 am. &#8211; 4 pm<\/li>\n<li dir=\"ltr\" data-placeholder=\"K\u00e4\u00e4nn\u00f6s\" data-ved=\"2ahUKEwjChPnLzI6OAxVvPhAIHe46CT8Q3ewLegQICRAW\" aria-label=\"K\u00e4\u00e4nnetty teksti: May 29th.\">May sat-sun at 10 am. &#8211; 4 pm, also 14th-15th May<\/li>\n<li class=\"tw-data-text tw-text-large tw-ta\" dir=\"ltr\" data-placeholder=\"K\u00e4\u00e4nn\u00f6s\" data-ved=\"2ahUKEwjChPnLzI6OAxVvPhAIHe46CT8Q3ewLegQICRAW\" aria-label=\"K\u00e4\u00e4nnetty teksti: May 29th.\"><span class=\"Y2IQFc\" lang=\"en\">May 30th.- a<\/span><span class=\"Y2IQFc\" lang=\"en\">ugust 30st. open every day from 10 am to 4 pm<\/span><\/li>\n<li>September and october sat-sun at 10 am. &#8211; 4 pm, until october 18th<\/li>\n<li id=\"tw-target-text\" class=\"tw-data-text tw-text-large tw-ta\" dir=\"ltr\" data-placeholder=\"K\u00e4\u00e4nn\u00f6s\" data-ved=\"2ahUKEwjChPnLzI6OAxVvPhAIHe46CT8Q3ewLegQICRAW\" aria-label=\"K\u00e4\u00e4nnetty teksti: October 13th - October 19th\"><span class=\"Y2IQFc\" lang=\"en\">October 12th &#8211; october 18th every day from 10 am to 4 pm<\/span><\/li>\n<li class=\"tw-data-text tw-text-large tw-ta\" dir=\"ltr\" data-placeholder=\"K\u00e4\u00e4nn\u00f6s\" data-ved=\"2ahUKEwjChPnLzI6OAxVvPhAIHe46CT8Q3ewLegQICRAW\" aria-label=\"K\u00e4\u00e4nnetty teksti: October 13th - October 19th\">Accommodation services and caravan area services are available all year round.<\/li>\n<\/ul>\n<p>More information and reservations p. +358409398147, w<span class=\"Y2IQFc\" lang=\"en\">armly welcome!<\/span><\/p>\n<hr \/>\n<p>Tulevia tapahtumia:.<\/p>\n<p>&nbsp;<\/p>\n<p>&nbsp;<\/p>\n<p>&nbsp;<\/p>\n<hr \/>\n<div><strong>Huomioithan ett\u00e4 Koirasalmeen on talvikunnossapito ainoastaan tien 6520 kautta Perhon puoleisesta liittym\u00e4st\u00e4\u00a0<\/strong><strong>(Sysilammentie-Koirasalmentie). Google Maps tunnistaa liittym\u00e4n nimell\u00e4 \u201cKuusj\u00e4rvi, Perho\u201d.<\/strong><\/div>\n<div><\/div>\n<div>\n<pre id=\"tw-target-text\" class=\"tw-data-text tw-text-large tw-ta\" dir=\"ltr\" data-placeholder=\"K\u00e4\u00e4nn\u00f6s\" data-ved=\"2ahUKEwjChPnLzI6OAxVvPhAIHe46CT8Q3ewLegQICRAW\" aria-label=\"K\u00e4\u00e4nnetty teksti: Please note that from January 1, 2024, winter maintenance will only be carried out on road 6520 from the Perho exit (Sysilammentie-Koirasalmentie). Google Maps identifies the exit as \u201cKuusj\u00e4rvi, Perho\u201d.\"><span class=\"Y2IQFc\" lang=\"en\">Please note that winter maintenance will only be carried out on road 6520 from the Perho exit (Sysilammentie-Koirasalmentie). Google Maps identifies the exit as \u201cKuusj\u00e4rvi, Perho\u201d.<\/span><\/pre>\n<\/div>\n<div>\n<div dir=\"auto\">\n<hr \/>\n<\/div>\n<\/div>\n","protected":false},"excerpt":{"rendered":"<p>KAHVIO JA LUONTOTUPA AUKIOLOAJAT 21.2.- 22.2. ja 28.2.- 1.3.2026 klo 10-16 3.-6.4.2026 klo 10-16 Toukokuussa la-su klo 10-16, my\u00f6s 1.5. ja 14.-15.5. 30.5. \u2013 30.8.2026 joka p\u00e4iv\u00e4 klo 10-16 syys- ja lokakuu la-su klo&#46;&#46;&#46;<\/p>\n","protected":false},"author":1,"featured_media":0,"parent":60,"menu_order":0,"comment_status":"closed","ping_status":"closed","template":"","meta":{"_exactmetrics_skip_tracking":false,"_exactmetrics_sitenote_active":false,"_exactmetrics_sitenote_note":"","_exactmetrics_sitenote_category":0,"footnotes":""},"class_list":["post-75","page","type-page","status-publish","hentry"],"yoast_head":"<!-- This site is optimized with the Yoast SEO plugin v26.8 - https:\/\/yoast.com\/product\/yoast-seo-wordpress\/ -->\n<title>Kahvion aukioloajat ja tapahtumat - Koirasalmi.com<\/title>\n<meta name=\"description\" content=\"Salamaj\u00e4rven kansallispuiston Koirasalmen luontotuvan kahviosta ja kioskista l\u00f6ytyy jokaisen makuun pikkupurtavaa, j\u00e4\u00e4tele\u00f6\u00e4 ja limonaadia aukioloaikoina\" \/>\n<meta name=\"robots\" content=\"index, follow, max-snippet:-1, max-image-preview:large, max-video-preview:-1\" \/>\n<link rel=\"canonical\" href=\"https:\/\/koirasalmi.com\/index.php\/palvelut\/kahvio-ja-kioski\/kahvion-aukioloajat-ja-tapahtumat\/\" \/>\n<meta property=\"og:locale\" content=\"fi_FI\" \/>\n<meta property=\"og:type\" content=\"article\" \/>\n<meta property=\"og:title\" content=\"Kahvion aukioloajat ja tapahtumat - Koirasalmi.com\" \/>\n<meta property=\"og:description\" content=\"Salamaj\u00e4rven kansallispuiston Koirasalmen luontotuvan kahviosta ja kioskista l\u00f6ytyy jokaisen makuun pikkupurtavaa, j\u00e4\u00e4tele\u00f6\u00e4 ja limonaadia aukioloaikoina\" \/>\n<meta property=\"og:url\" content=\"https:\/\/koirasalmi.com\/index.php\/palvelut\/kahvio-ja-kioski\/kahvion-aukioloajat-ja-tapahtumat\/\" \/>\n<meta property=\"og:site_name\" content=\"Koirasalmi.com\" \/>\n<meta property=\"article:publisher\" content=\"https:\/\/www.facebook.com\/koirasalmi\/\" \/>\n<meta property=\"article:modified_time\" content=\"2026-04-16T18:01:36+00:00\" \/>\n<meta property=\"og:image\" content=\"https:\/\/koirasalmi.com\/wp-content\/uploads\/2018\/05\/DSC_0001_3-e1582305983125.jpg\" \/>\n\t<meta property=\"og:image:width\" content=\"900\" \/>\n\t<meta property=\"og:image:height\" content=\"506\" \/>\n\t<meta property=\"og:image:type\" content=\"image\/jpeg\" \/>\n<meta name=\"twitter:card\" content=\"summary_large_image\" \/>\n<meta name=\"twitter:label1\" content=\"Arvioitu lukuaika\" \/>\n\t<meta name=\"twitter:data1\" content=\"2 minuuttia\" \/>\n<script type=\"application\/ld+json\" class=\"yoast-schema-graph\">{\"@context\":\"https:\/\/schema.org\",\"@graph\":[{\"@type\":\"WebPage\",\"@id\":\"https:\/\/koirasalmi.com\/index.php\/palvelut\/kahvio-ja-kioski\/kahvion-aukioloajat-ja-tapahtumat\/\",\"url\":\"https:\/\/koirasalmi.com\/index.php\/palvelut\/kahvio-ja-kioski\/kahvion-aukioloajat-ja-tapahtumat\/\",\"name\":\"Kahvion aukioloajat ja tapahtumat - Koirasalmi.com\",\"isPartOf\":{\"@id\":\"https:\/\/koirasalmi.com\/#website\"},\"primaryImageOfPage\":{\"@id\":\"https:\/\/koirasalmi.com\/index.php\/palvelut\/kahvio-ja-kioski\/kahvion-aukioloajat-ja-tapahtumat\/#primaryimage\"},\"image\":{\"@id\":\"https:\/\/koirasalmi.com\/index.php\/palvelut\/kahvio-ja-kioski\/kahvion-aukioloajat-ja-tapahtumat\/#primaryimage\"},\"thumbnailUrl\":\"https:\/\/koirasalmi.com\/wp-content\/uploads\/2018\/05\/DSC_0001_3-e1582305983125.jpg\",\"datePublished\":\"2018-05-08T09:43:10+00:00\",\"dateModified\":\"2026-04-16T18:01:36+00:00\",\"description\":\"Salamaj\u00e4rven kansallispuiston Koirasalmen luontotuvan kahviosta ja kioskista l\u00f6ytyy jokaisen makuun pikkupurtavaa, j\u00e4\u00e4tele\u00f6\u00e4 ja limonaadia aukioloaikoina\",\"breadcrumb\":{\"@id\":\"https:\/\/koirasalmi.com\/index.php\/palvelut\/kahvio-ja-kioski\/kahvion-aukioloajat-ja-tapahtumat\/#breadcrumb\"},\"inLanguage\":\"fi\",\"potentialAction\":[{\"@type\":\"ReadAction\",\"target\":[\"https:\/\/koirasalmi.com\/index.php\/palvelut\/kahvio-ja-kioski\/kahvion-aukioloajat-ja-tapahtumat\/\"]}]},{\"@type\":\"ImageObject\",\"inLanguage\":\"fi\",\"@id\":\"https:\/\/koirasalmi.com\/index.php\/palvelut\/kahvio-ja-kioski\/kahvion-aukioloajat-ja-tapahtumat\/#primaryimage\",\"url\":\"https:\/\/koirasalmi.com\/wp-content\/uploads\/2018\/05\/DSC_0001_3-e1582305983125.jpg\",\"contentUrl\":\"https:\/\/koirasalmi.com\/wp-content\/uploads\/2018\/05\/DSC_0001_3-e1582305983125.jpg\"},{\"@type\":\"BreadcrumbList\",\"@id\":\"https:\/\/koirasalmi.com\/index.php\/palvelut\/kahvio-ja-kioski\/kahvion-aukioloajat-ja-tapahtumat\/#breadcrumb\",\"itemListElement\":[{\"@type\":\"ListItem\",\"position\":1,\"name\":\"Home\",\"item\":\"https:\/\/koirasalmi.com\/\"},{\"@type\":\"ListItem\",\"position\":2,\"name\":\"Palvelut\",\"item\":\"https:\/\/koirasalmi.com\/index.php\/palvelut\/\"},{\"@type\":\"ListItem\",\"position\":3,\"name\":\"Kahvio ja kioski\",\"item\":\"https:\/\/koirasalmi.com\/index.php\/palvelut\/kahvio-ja-kioski\/\"},{\"@type\":\"ListItem\",\"position\":4,\"name\":\"Kahvion aukioloajat ja tapahtumat\"}]},{\"@type\":\"WebSite\",\"@id\":\"https:\/\/koirasalmi.com\/#website\",\"url\":\"https:\/\/koirasalmi.com\/\",\"name\":\"Koirasalmi.com\",\"description\":\"Koirasalmen luontotupa | Majoitusta, kahvio-\/ruokapalveluita, sauna, aktiviteetteja Salamaj\u00e4rven kansallispuistossa\",\"publisher\":{\"@id\":\"https:\/\/koirasalmi.com\/#organization\"},\"potentialAction\":[{\"@type\":\"SearchAction\",\"target\":{\"@type\":\"EntryPoint\",\"urlTemplate\":\"https:\/\/koirasalmi.com\/?s={search_term_string}\"},\"query-input\":{\"@type\":\"PropertyValueSpecification\",\"valueRequired\":true,\"valueName\":\"search_term_string\"}}],\"inLanguage\":\"fi\"},{\"@type\":\"Organization\",\"@id\":\"https:\/\/koirasalmi.com\/#organization\",\"name\":\"Koirasalmi, Luonnollisesti M&M\",\"url\":\"https:\/\/koirasalmi.com\/\",\"logo\":{\"@type\":\"ImageObject\",\"inLanguage\":\"fi\",\"@id\":\"https:\/\/koirasalmi.com\/#\/schema\/logo\/image\/\",\"url\":\"https:\/\/koirasalmi.com\/wp-content\/uploads\/2019\/10\/Koirasalmi-logo.jpg\",\"contentUrl\":\"https:\/\/koirasalmi.com\/wp-content\/uploads\/2019\/10\/Koirasalmi-logo.jpg\",\"width\":417,\"height\":184,\"caption\":\"Koirasalmi, Luonnollisesti M&M\"},\"image\":{\"@id\":\"https:\/\/koirasalmi.com\/#\/schema\/logo\/image\/\"},\"sameAs\":[\"https:\/\/www.facebook.com\/koirasalmi\/\",\"https:\/\/www.instagram.com\/koirasalmi\/\",\"https:\/\/www.youtube.com\/channel\/UCq4an76hM_pKMTv76pjXW5A?guided_help_flow=3\"]}]}<\/script>\n<!-- \/ Yoast SEO plugin. -->","yoast_head_json":{"title":"Kahvion aukioloajat ja tapahtumat - Koirasalmi.com","description":"Salamaj\u00e4rven kansallispuiston Koirasalmen luontotuvan kahviosta ja kioskista l\u00f6ytyy jokaisen makuun pikkupurtavaa, j\u00e4\u00e4tele\u00f6\u00e4 ja limonaadia aukioloaikoina","robots":{"index":"index","follow":"follow","max-snippet":"max-snippet:-1","max-image-preview":"max-image-preview:large","max-video-preview":"max-video-preview:-1"},"canonical":"https:\/\/koirasalmi.com\/index.php\/palvelut\/kahvio-ja-kioski\/kahvion-aukioloajat-ja-tapahtumat\/","og_locale":"fi_FI","og_type":"article","og_title":"Kahvion aukioloajat ja tapahtumat - Koirasalmi.com","og_description":"Salamaj\u00e4rven kansallispuiston Koirasalmen luontotuvan kahviosta ja kioskista l\u00f6ytyy jokaisen makuun pikkupurtavaa, j\u00e4\u00e4tele\u00f6\u00e4 ja limonaadia aukioloaikoina","og_url":"https:\/\/koirasalmi.com\/index.php\/palvelut\/kahvio-ja-kioski\/kahvion-aukioloajat-ja-tapahtumat\/","og_site_name":"Koirasalmi.com","article_publisher":"https:\/\/www.facebook.com\/koirasalmi\/","article_modified_time":"2026-04-16T18:01:36+00:00","og_image":[{"width":900,"height":506,"url":"https:\/\/koirasalmi.com\/wp-content\/uploads\/2018\/05\/DSC_0001_3-e1582305983125.jpg","type":"image\/jpeg"}],"twitter_card":"summary_large_image","twitter_misc":{"Arvioitu lukuaika":"2 minuuttia"},"schema":{"@context":"https:\/\/schema.org","@graph":[{"@type":"WebPage","@id":"https:\/\/koirasalmi.com\/index.php\/palvelut\/kahvio-ja-kioski\/kahvion-aukioloajat-ja-tapahtumat\/","url":"https:\/\/koirasalmi.com\/index.php\/palvelut\/kahvio-ja-kioski\/kahvion-aukioloajat-ja-tapahtumat\/","name":"Kahvion aukioloajat ja tapahtumat - Koirasalmi.com","isPartOf":{"@id":"https:\/\/koirasalmi.com\/#website"},"primaryImageOfPage":{"@id":"https:\/\/koirasalmi.com\/index.php\/palvelut\/kahvio-ja-kioski\/kahvion-aukioloajat-ja-tapahtumat\/#primaryimage"},"image":{"@id":"https:\/\/koirasalmi.com\/index.php\/palvelut\/kahvio-ja-kioski\/kahvion-aukioloajat-ja-tapahtumat\/#primaryimage"},"thumbnailUrl":"https:\/\/koirasalmi.com\/wp-content\/uploads\/2018\/05\/DSC_0001_3-e1582305983125.jpg","datePublished":"2018-05-08T09:43:10+00:00","dateModified":"2026-04-16T18:01:36+00:00","description":"Salamaj\u00e4rven kansallispuiston Koirasalmen luontotuvan kahviosta ja kioskista l\u00f6ytyy jokaisen makuun pikkupurtavaa, j\u00e4\u00e4tele\u00f6\u00e4 ja limonaadia aukioloaikoina","breadcrumb":{"@id":"https:\/\/koirasalmi.com\/index.php\/palvelut\/kahvio-ja-kioski\/kahvion-aukioloajat-ja-tapahtumat\/#breadcrumb"},"inLanguage":"fi","potentialAction":[{"@type":"ReadAction","target":["https:\/\/koirasalmi.com\/index.php\/palvelut\/kahvio-ja-kioski\/kahvion-aukioloajat-ja-tapahtumat\/"]}]},{"@type":"ImageObject","inLanguage":"fi","@id":"https:\/\/koirasalmi.com\/index.php\/palvelut\/kahvio-ja-kioski\/kahvion-aukioloajat-ja-tapahtumat\/#primaryimage","url":"https:\/\/koirasalmi.com\/wp-content\/uploads\/2018\/05\/DSC_0001_3-e1582305983125.jpg","contentUrl":"https:\/\/koirasalmi.com\/wp-content\/uploads\/2018\/05\/DSC_0001_3-e1582305983125.jpg"},{"@type":"BreadcrumbList","@id":"https:\/\/koirasalmi.com\/index.php\/palvelut\/kahvio-ja-kioski\/kahvion-aukioloajat-ja-tapahtumat\/#breadcrumb","itemListElement":[{"@type":"ListItem","position":1,"name":"Home","item":"https:\/\/koirasalmi.com\/"},{"@type":"ListItem","position":2,"name":"Palvelut","item":"https:\/\/koirasalmi.com\/index.php\/palvelut\/"},{"@type":"ListItem","position":3,"name":"Kahvio ja kioski","item":"https:\/\/koirasalmi.com\/index.php\/palvelut\/kahvio-ja-kioski\/"},{"@type":"ListItem","position":4,"name":"Kahvion aukioloajat ja tapahtumat"}]},{"@type":"WebSite","@id":"https:\/\/koirasalmi.com\/#website","url":"https:\/\/koirasalmi.com\/","name":"Koirasalmi.com","description":"Koirasalmen luontotupa | Majoitusta, kahvio-\/ruokapalveluita, sauna, aktiviteetteja Salamaj\u00e4rven kansallispuistossa","publisher":{"@id":"https:\/\/koirasalmi.com\/#organization"},"potentialAction":[{"@type":"SearchAction","target":{"@type":"EntryPoint","urlTemplate":"https:\/\/koirasalmi.com\/?s={search_term_string}"},"query-input":{"@type":"PropertyValueSpecification","valueRequired":true,"valueName":"search_term_string"}}],"inLanguage":"fi"},{"@type":"Organization","@id":"https:\/\/koirasalmi.com\/#organization","name":"Koirasalmi, Luonnollisesti M&M","url":"https:\/\/koirasalmi.com\/","logo":{"@type":"ImageObject","inLanguage":"fi","@id":"https:\/\/koirasalmi.com\/#\/schema\/logo\/image\/","url":"https:\/\/koirasalmi.com\/wp-content\/uploads\/2019\/10\/Koirasalmi-logo.jpg","contentUrl":"https:\/\/koirasalmi.com\/wp-content\/uploads\/2019\/10\/Koirasalmi-logo.jpg","width":417,"height":184,"caption":"Koirasalmi, Luonnollisesti M&M"},"image":{"@id":"https:\/\/koirasalmi.com\/#\/schema\/logo\/image\/"},"sameAs":["https:\/\/www.facebook.com\/koirasalmi\/","https:\/\/www.instagram.com\/koirasalmi\/","https:\/\/www.youtube.com\/channel\/UCq4an76hM_pKMTv76pjXW5A?guided_help_flow=3"]}]}},"_links":{"self":[{"href":"https:\/\/koirasalmi.com\/index.php\/wp-json\/wp\/v2\/pages\/75","targetHints":{"allow":["GET"]}}],"collection":[{"href":"https:\/\/koirasalmi.com\/index.php\/wp-json\/wp\/v2\/pages"}],"about":[{"href":"https:\/\/koirasalmi.com\/index.php\/wp-json\/wp\/v2\/types\/page"}],"author":[{"embeddable":true,"href":"https:\/\/koirasalmi.com\/index.php\/wp-json\/wp\/v2\/users\/1"}],"replies":[{"embeddable":true,"href":"https:\/\/koirasalmi.com\/index.php\/wp-json\/wp\/v2\/comments?post=75"}],"version-history":[{"count":22,"href":"https:\/\/koirasalmi.com\/index.php\/wp-json\/wp\/v2\/pages\/75\/revisions"}],"predecessor-version":[{"id":3070,"href":"https:\/\/koirasalmi.com\/index.php\/wp-json\/wp\/v2\/pages\/75\/revisions\/3070"}],"up":[{"embeddable":true,"href":"https:\/\/koirasalmi.com\/index.php\/wp-json\/wp\/v2\/pages\/60"}],"wp:attachment":[{"href":"https:\/\/koirasalmi.com\/index.php\/wp-json\/wp\/v2\/media?parent=75"}],"curies":[{"name":"wp","href":"https:\/\/api.w.org\/{rel}","templated":true}]}}