{"id":84,"date":"2018-05-08T10:25:38","date_gmt":"2018-05-08T10:25:38","guid":{"rendered":"http:\/\/koirasalmi.com\/?page_id=84"},"modified":"2023-06-26T07:56:31","modified_gmt":"2023-06-26T07:56:31","slug":"ota-yhteytta","status":"publish","type":"page","link":"https:\/\/koirasalmi.com\/index.php\/ota-yhteytta\/","title":{"rendered":"Ota yhteytt\u00e4"},"content":{"rendered":"<div><\/div>\n<h2>Koirasalmen yhteydenottolomake<\/h2>\n<div>\n<div>Palvelemme puhelimitse numerossa <a href=\"tel:+358-40-9398147\">040 939 8147<\/a> p\u00e4iv\u00e4saikaan aina kun se on mahdollista.<\/div>\n<div>Jos emme heti pysty vastaamaan, soitathan my\u00f6hemmin uudelleen tai j\u00e4t\u00e4 viesti vastaajaan. Voit my\u00f6s halutessasi laittaa meille tekstiviestin. Ilmoitathan nimesi ja asiasi niin palaamme asiaan heti kun se on mahdollista.<\/div>\n<div><\/div>\n<\/div>\n<div>\u00a0Voit pyyt\u00e4\u00e4 lis\u00e4tietoja tai tarjouksen l\u00e4hett\u00e4m\u00e4ll\u00e4 s\u00e4hk\u00f6postia osoitteeseen koirasalmi@gmail.com tai ota yhteytt\u00e4\u00a0 <strong>alla olevalla lomakkeella.<\/strong><\/div>\n<div><\/div>\n<div>\n<div id=\"attachment_530\" style=\"width: 1034px\" class=\"wp-caption alignleft\"><img decoding=\"async\" aria-describedby=\"caption-attachment-530\" class=\"wp-image-530 size-large lazyload\" title=\"Salamaj\u00e4rven kansallispuisto . Koirasalmi. Auringonlasku Isolla Koiraj\u00e4rvell\u00e4\" data-src=\"https:\/\/koirasalmi.com\/wp-content\/uploads\/2018\/05\/P5316248-e1527434013998-1024x371.jpg\" alt=\"Salamaj\u00e4rven kansallispuisto . Koirasalmi. Auringonlasku Isolla Koiraj\u00e4rvell\u00e4\" width=\"1024\" height=\"371\" data-srcset=\"https:\/\/koirasalmi.com\/wp-content\/uploads\/2018\/05\/P5316248-e1527434013998-1024x371.jpg 1024w, https:\/\/koirasalmi.com\/wp-content\/uploads\/2018\/05\/P5316248-e1527434013998-300x109.jpg 300w, https:\/\/koirasalmi.com\/wp-content\/uploads\/2018\/05\/P5316248-e1527434013998-768x278.jpg 768w, https:\/\/koirasalmi.com\/wp-content\/uploads\/2018\/05\/P5316248-e1527434013998.jpg 1481w\" data-sizes=\"(max-width: 1024px) 100vw, 1024px\" src=\"data:image\/svg+xml;base64,PHN2ZyB3aWR0aD0iMSIgaGVpZ2h0PSIxIiB4bWxucz0iaHR0cDovL3d3dy53My5vcmcvMjAwMC9zdmciPjwvc3ZnPg==\" style=\"--smush-placeholder-width: 1024px; --smush-placeholder-aspect-ratio: 1024\/371;\" \/><p id=\"caption-attachment-530\" class=\"wp-caption-text\"><a href=\"https:\/\/www.luontoon.fi\/salamajarvi\" target=\"_blank\" rel=\"noopener noreferrer\">Salamaj\u00e4rven kansallispuisto<\/a> . Koirasalmi. Auringonlasku Isolla Koiraj\u00e4rvell\u00e4<\/p><\/div>\n<\/div>\n<div><\/div>\n<p><span style=\"vertical-align: inherit;\"><span style=\"vertical-align: inherit;\">\n<div class=\"wpcf7 no-js\" id=\"wpcf7-f182-o1\" lang=\"fi\" dir=\"ltr\" data-wpcf7-id=\"182\">\n<div class=\"screen-reader-response\"><p role=\"status\" aria-live=\"polite\" aria-atomic=\"true\"><\/p> <ul><\/ul><\/div>\n<form action=\"\/index.php\/wp-json\/wp\/v2\/pages\/84#wpcf7-f182-o1\" method=\"post\" class=\"wpcf7-form init\" aria-label=\"Yhteydenottolomake\" novalidate=\"novalidate\" data-status=\"init\">\n<fieldset class=\"hidden-fields-container\"><input type=\"hidden\" name=\"_wpcf7\" value=\"182\" \/><input type=\"hidden\" name=\"_wpcf7_version\" value=\"6.1.5\" \/><input type=\"hidden\" name=\"_wpcf7_locale\" value=\"fi\" \/><input type=\"hidden\" name=\"_wpcf7_unit_tag\" value=\"wpcf7-f182-o1\" \/><input type=\"hidden\" name=\"_wpcf7_container_post\" value=\"0\" \/><input type=\"hidden\" name=\"_wpcf7_posted_data_hash\" value=\"\" \/>\n<\/fieldset>\n<p><label> Nimi* (pakollinen)<br \/>\nName* (obligatory)<br \/>\n<span class=\"wpcf7-form-control-wrap\" data-name=\"your-name\"><input size=\"40\" maxlength=\"400\" class=\"wpcf7-form-control wpcf7-text wpcf7-validates-as-required\" aria-required=\"true\" aria-invalid=\"false\" value=\"\" type=\"text\" name=\"your-name\" \/><\/span> <\/label>\n<\/p>\n<p><label> S\u00e4hk\u00f6posti* (pakollinen)<br \/>\ne-mail* (obligatory)<br \/>\n<span class=\"wpcf7-form-control-wrap\" data-name=\"your-email\"><input size=\"40\" maxlength=\"400\" class=\"wpcf7-form-control wpcf7-email wpcf7-validates-as-required wpcf7-text wpcf7-validates-as-email\" aria-required=\"true\" aria-invalid=\"false\" value=\"\" type=\"email\" name=\"your-email\" \/><\/span> <\/label>\n<\/p>\n<p><label> Puhelin<br \/>\nPhone<br \/>\n<span class=\"wpcf7-form-control-wrap\" data-name=\"your-tel\"><input size=\"40\" maxlength=\"400\" class=\"wpcf7-form-control wpcf7-tel wpcf7-text wpcf7-validates-as-tel\" aria-invalid=\"false\" value=\"\" type=\"tel\" name=\"your-tel\" \/><\/span> <\/label>\n<\/p>\n<p><label> Olen* (pakollinen)<br \/>\nI am* (obligatory)<br \/>\n<span class=\"wpcf7-form-control-wrap\" data-name=\"olen-henkilo\"><span class=\"wpcf7-form-control wpcf7-radio\"><span class=\"wpcf7-list-item first\"><input type=\"radio\" name=\"olen-henkilo\" value=\"Yksityishenkil\u00f6\" \/><span class=\"wpcf7-list-item-label\">Yksityishenkil\u00f6<\/span><\/span><span class=\"wpcf7-list-item last\"><input type=\"radio\" name=\"olen-henkilo\" value=\"Yritysasiakas\" \/><span class=\"wpcf7-list-item-label\">Yritysasiakas<\/span><\/span><\/span><\/span> <\/label>\n<\/p>\n<p><label> Viestin aihe*<br \/>\nSubject of the message*<br \/>\n<span class=\"wpcf7-form-control-wrap\" data-name=\"your-subject\"><input size=\"40\" maxlength=\"400\" class=\"wpcf7-form-control wpcf7-text wpcf7-validates-as-required\" aria-required=\"true\" aria-invalid=\"false\" value=\"\" type=\"text\" name=\"your-subject\" \/><\/span> <\/label>\n<\/p>\n<p><label> Viesti*<br \/>\nMessage*<br \/>\n<span class=\"wpcf7-form-control-wrap\" data-name=\"your-message\"><textarea cols=\"40\" rows=\"10\" maxlength=\"2000\" class=\"wpcf7-form-control wpcf7-textarea wpcf7-validates-as-required\" aria-required=\"true\" aria-invalid=\"false\" name=\"your-message\"><\/textarea><\/span> <\/label>\n<\/p>\n<p><input class=\"wpcf7-form-control wpcf7-submit has-spinner\" type=\"submit\" value=\"L\u00e4het\u00e4\" \/>\n<\/p><p style=\"display: none !important;\" class=\"akismet-fields-container\" data-prefix=\"_wpcf7_ak_\"><label>&#916;<textarea name=\"_wpcf7_ak_hp_textarea\" cols=\"45\" rows=\"8\" maxlength=\"100\"><\/textarea><\/label><input type=\"hidden\" id=\"ak_js_1\" name=\"_wpcf7_ak_js\" value=\"200\"\/><script>document.getElementById( \"ak_js_1\" ).setAttribute( \"value\", ( new Date() ).getTime() );<\/script><\/p><div class=\"wpcf7-response-output\" aria-hidden=\"true\"><\/div>\n<\/form>\n<\/div>\n<\/span><\/span><\/p>\n<div><\/div>\n","protected":false},"excerpt":{"rendered":"<p>Koirasalmen yhteydenottolomake Palvelemme puhelimitse numerossa 040 939 8147 p\u00e4iv\u00e4saikaan aina kun se on mahdollista. Jos emme heti pysty vastaamaan, soitathan my\u00f6hemmin uudelleen tai j\u00e4t\u00e4 viesti vastaajaan. Voit my\u00f6s halutessasi laittaa meille tekstiviestin. Ilmoitathan nimesi&#46;&#46;&#46;<\/p>\n","protected":false},"author":1,"featured_media":0,"parent":0,"menu_order":0,"comment_status":"closed","ping_status":"closed","template":"","meta":{"_exactmetrics_skip_tracking":false,"_exactmetrics_sitenote_active":false,"_exactmetrics_sitenote_note":"","_exactmetrics_sitenote_category":0,"footnotes":""},"class_list":["post-84","page","type-page","status-publish","hentry"],"yoast_head":"<!-- This site is optimized with the Yoast SEO plugin v26.8 - https:\/\/yoast.com\/product\/yoast-seo-wordpress\/ -->\n<title>Ota yhteytt\u00e4 - Koirasalmi.com<\/title>\n<meta name=\"description\" content=\"Palvelemme puhelimitse numerossa 040 939 8147 p\u00e4iv\u00e4saikaan aina kun se on mahdollista.Jos emme aina pysty vastaamaan, j\u00e4t\u00e4 viesti vastaajaan .\" \/>\n<meta name=\"robots\" content=\"index, follow, max-snippet:-1, max-image-preview:large, max-video-preview:-1\" \/>\n<link rel=\"canonical\" href=\"https:\/\/koirasalmi.com\/index.php\/ota-yhteytta\/\" \/>\n<meta property=\"og:locale\" content=\"fi_FI\" \/>\n<meta property=\"og:type\" content=\"article\" \/>\n<meta property=\"og:title\" content=\"Ota yhteytt\u00e4 - Koirasalmi.com\" \/>\n<meta property=\"og:description\" content=\"Palvelemme puhelimitse numerossa 040 939 8147 p\u00e4iv\u00e4saikaan aina kun se on mahdollista.Jos emme aina pysty vastaamaan, j\u00e4t\u00e4 viesti vastaajaan .\" \/>\n<meta property=\"og:url\" content=\"https:\/\/koirasalmi.com\/index.php\/ota-yhteytta\/\" \/>\n<meta property=\"og:site_name\" content=\"Koirasalmi.com\" \/>\n<meta property=\"article:publisher\" content=\"https:\/\/www.facebook.com\/koirasalmi\/\" \/>\n<meta property=\"article:modified_time\" content=\"2023-06-26T07:56:31+00:00\" \/>\n<meta property=\"og:image\" content=\"https:\/\/koirasalmi.com\/wp-content\/uploads\/2018\/05\/P5316248-e1527434013998-1024x371.jpg\" \/>\n<meta name=\"twitter:card\" content=\"summary_large_image\" \/>\n<meta name=\"twitter:label1\" content=\"Arvioitu lukuaika\" \/>\n\t<meta name=\"twitter:data1\" content=\"1 minuutti\" \/>\n<script type=\"application\/ld+json\" class=\"yoast-schema-graph\">{\"@context\":\"https:\/\/schema.org\",\"@graph\":[{\"@type\":\"WebPage\",\"@id\":\"https:\/\/koirasalmi.com\/index.php\/ota-yhteytta\/\",\"url\":\"https:\/\/koirasalmi.com\/index.php\/ota-yhteytta\/\",\"name\":\"Ota yhteytt\u00e4 - Koirasalmi.com\",\"isPartOf\":{\"@id\":\"https:\/\/koirasalmi.com\/#website\"},\"primaryImageOfPage\":{\"@id\":\"https:\/\/koirasalmi.com\/index.php\/ota-yhteytta\/#primaryimage\"},\"image\":{\"@id\":\"https:\/\/koirasalmi.com\/index.php\/ota-yhteytta\/#primaryimage\"},\"thumbnailUrl\":\"https:\/\/koirasalmi.com\/wp-content\/uploads\/2018\/05\/P5316248-e1527434013998-1024x371.jpg\",\"datePublished\":\"2018-05-08T10:25:38+00:00\",\"dateModified\":\"2023-06-26T07:56:31+00:00\",\"description\":\"Palvelemme puhelimitse numerossa 040 939 8147 p\u00e4iv\u00e4saikaan aina kun se on mahdollista.Jos emme aina pysty vastaamaan, j\u00e4t\u00e4 viesti vastaajaan .\",\"breadcrumb\":{\"@id\":\"https:\/\/koirasalmi.com\/index.php\/ota-yhteytta\/#breadcrumb\"},\"inLanguage\":\"fi\",\"potentialAction\":[{\"@type\":\"ReadAction\",\"target\":[\"https:\/\/koirasalmi.com\/index.php\/ota-yhteytta\/\"]}]},{\"@type\":\"ImageObject\",\"inLanguage\":\"fi\",\"@id\":\"https:\/\/koirasalmi.com\/index.php\/ota-yhteytta\/#primaryimage\",\"url\":\"https:\/\/koirasalmi.com\/wp-content\/uploads\/2018\/05\/P5316248-e1527434013998.jpg\",\"contentUrl\":\"https:\/\/koirasalmi.com\/wp-content\/uploads\/2018\/05\/P5316248-e1527434013998.jpg\",\"width\":1481,\"height\":536,\"caption\":\"Salamaj\u00e4rven kansallispuisto, Koirasalmi. Aamuruskoa Isolla Koiraj\u00e4rvell\u00e4.\"},{\"@type\":\"BreadcrumbList\",\"@id\":\"https:\/\/koirasalmi.com\/index.php\/ota-yhteytta\/#breadcrumb\",\"itemListElement\":[{\"@type\":\"ListItem\",\"position\":1,\"name\":\"Home\",\"item\":\"https:\/\/koirasalmi.com\/\"},{\"@type\":\"ListItem\",\"position\":2,\"name\":\"Ota yhteytt\u00e4\"}]},{\"@type\":\"WebSite\",\"@id\":\"https:\/\/koirasalmi.com\/#website\",\"url\":\"https:\/\/koirasalmi.com\/\",\"name\":\"Koirasalmi.com\",\"description\":\"Koirasalmen luontotupa | Majoitusta, kahvio-\/ruokapalveluita, sauna, aktiviteetteja Salamaj\u00e4rven kansallispuistossa\",\"publisher\":{\"@id\":\"https:\/\/koirasalmi.com\/#organization\"},\"potentialAction\":[{\"@type\":\"SearchAction\",\"target\":{\"@type\":\"EntryPoint\",\"urlTemplate\":\"https:\/\/koirasalmi.com\/?s={search_term_string}\"},\"query-input\":{\"@type\":\"PropertyValueSpecification\",\"valueRequired\":true,\"valueName\":\"search_term_string\"}}],\"inLanguage\":\"fi\"},{\"@type\":\"Organization\",\"@id\":\"https:\/\/koirasalmi.com\/#organization\",\"name\":\"Koirasalmi, Luonnollisesti M&M\",\"url\":\"https:\/\/koirasalmi.com\/\",\"logo\":{\"@type\":\"ImageObject\",\"inLanguage\":\"fi\",\"@id\":\"https:\/\/koirasalmi.com\/#\/schema\/logo\/image\/\",\"url\":\"https:\/\/koirasalmi.com\/wp-content\/uploads\/2019\/10\/Koirasalmi-logo.jpg\",\"contentUrl\":\"https:\/\/koirasalmi.com\/wp-content\/uploads\/2019\/10\/Koirasalmi-logo.jpg\",\"width\":417,\"height\":184,\"caption\":\"Koirasalmi, Luonnollisesti M&M\"},\"image\":{\"@id\":\"https:\/\/koirasalmi.com\/#\/schema\/logo\/image\/\"},\"sameAs\":[\"https:\/\/www.facebook.com\/koirasalmi\/\",\"https:\/\/www.instagram.com\/koirasalmi\/\",\"https:\/\/www.youtube.com\/channel\/UCq4an76hM_pKMTv76pjXW5A?guided_help_flow=3\"]}]}<\/script>\n<!-- \/ Yoast SEO plugin. -->","yoast_head_json":{"title":"Ota yhteytt\u00e4 - Koirasalmi.com","description":"Palvelemme puhelimitse numerossa 040 939 8147 p\u00e4iv\u00e4saikaan aina kun se on mahdollista.Jos emme aina pysty vastaamaan, j\u00e4t\u00e4 viesti vastaajaan .","robots":{"index":"index","follow":"follow","max-snippet":"max-snippet:-1","max-image-preview":"max-image-preview:large","max-video-preview":"max-video-preview:-1"},"canonical":"https:\/\/koirasalmi.com\/index.php\/ota-yhteytta\/","og_locale":"fi_FI","og_type":"article","og_title":"Ota yhteytt\u00e4 - Koirasalmi.com","og_description":"Palvelemme puhelimitse numerossa 040 939 8147 p\u00e4iv\u00e4saikaan aina kun se on mahdollista.Jos emme aina pysty vastaamaan, j\u00e4t\u00e4 viesti vastaajaan .","og_url":"https:\/\/koirasalmi.com\/index.php\/ota-yhteytta\/","og_site_name":"Koirasalmi.com","article_publisher":"https:\/\/www.facebook.com\/koirasalmi\/","article_modified_time":"2023-06-26T07:56:31+00:00","og_image":[{"url":"https:\/\/koirasalmi.com\/wp-content\/uploads\/2018\/05\/P5316248-e1527434013998-1024x371.jpg","type":"","width":"","height":""}],"twitter_card":"summary_large_image","twitter_misc":{"Arvioitu lukuaika":"1 minuutti"},"schema":{"@context":"https:\/\/schema.org","@graph":[{"@type":"WebPage","@id":"https:\/\/koirasalmi.com\/index.php\/ota-yhteytta\/","url":"https:\/\/koirasalmi.com\/index.php\/ota-yhteytta\/","name":"Ota yhteytt\u00e4 - Koirasalmi.com","isPartOf":{"@id":"https:\/\/koirasalmi.com\/#website"},"primaryImageOfPage":{"@id":"https:\/\/koirasalmi.com\/index.php\/ota-yhteytta\/#primaryimage"},"image":{"@id":"https:\/\/koirasalmi.com\/index.php\/ota-yhteytta\/#primaryimage"},"thumbnailUrl":"https:\/\/koirasalmi.com\/wp-content\/uploads\/2018\/05\/P5316248-e1527434013998-1024x371.jpg","datePublished":"2018-05-08T10:25:38+00:00","dateModified":"2023-06-26T07:56:31+00:00","description":"Palvelemme puhelimitse numerossa 040 939 8147 p\u00e4iv\u00e4saikaan aina kun se on mahdollista.Jos emme aina pysty vastaamaan, j\u00e4t\u00e4 viesti vastaajaan .","breadcrumb":{"@id":"https:\/\/koirasalmi.com\/index.php\/ota-yhteytta\/#breadcrumb"},"inLanguage":"fi","potentialAction":[{"@type":"ReadAction","target":["https:\/\/koirasalmi.com\/index.php\/ota-yhteytta\/"]}]},{"@type":"ImageObject","inLanguage":"fi","@id":"https:\/\/koirasalmi.com\/index.php\/ota-yhteytta\/#primaryimage","url":"https:\/\/koirasalmi.com\/wp-content\/uploads\/2018\/05\/P5316248-e1527434013998.jpg","contentUrl":"https:\/\/koirasalmi.com\/wp-content\/uploads\/2018\/05\/P5316248-e1527434013998.jpg","width":1481,"height":536,"caption":"Salamaj\u00e4rven kansallispuisto, Koirasalmi. Aamuruskoa Isolla Koiraj\u00e4rvell\u00e4."},{"@type":"BreadcrumbList","@id":"https:\/\/koirasalmi.com\/index.php\/ota-yhteytta\/#breadcrumb","itemListElement":[{"@type":"ListItem","position":1,"name":"Home","item":"https:\/\/koirasalmi.com\/"},{"@type":"ListItem","position":2,"name":"Ota yhteytt\u00e4"}]},{"@type":"WebSite","@id":"https:\/\/koirasalmi.com\/#website","url":"https:\/\/koirasalmi.com\/","name":"Koirasalmi.com","description":"Koirasalmen luontotupa | Majoitusta, kahvio-\/ruokapalveluita, sauna, aktiviteetteja Salamaj\u00e4rven kansallispuistossa","publisher":{"@id":"https:\/\/koirasalmi.com\/#organization"},"potentialAction":[{"@type":"SearchAction","target":{"@type":"EntryPoint","urlTemplate":"https:\/\/koirasalmi.com\/?s={search_term_string}"},"query-input":{"@type":"PropertyValueSpecification","valueRequired":true,"valueName":"search_term_string"}}],"inLanguage":"fi"},{"@type":"Organization","@id":"https:\/\/koirasalmi.com\/#organization","name":"Koirasalmi, Luonnollisesti M&M","url":"https:\/\/koirasalmi.com\/","logo":{"@type":"ImageObject","inLanguage":"fi","@id":"https:\/\/koirasalmi.com\/#\/schema\/logo\/image\/","url":"https:\/\/koirasalmi.com\/wp-content\/uploads\/2019\/10\/Koirasalmi-logo.jpg","contentUrl":"https:\/\/koirasalmi.com\/wp-content\/uploads\/2019\/10\/Koirasalmi-logo.jpg","width":417,"height":184,"caption":"Koirasalmi, Luonnollisesti M&M"},"image":{"@id":"https:\/\/koirasalmi.com\/#\/schema\/logo\/image\/"},"sameAs":["https:\/\/www.facebook.com\/koirasalmi\/","https:\/\/www.instagram.com\/koirasalmi\/","https:\/\/www.youtube.com\/channel\/UCq4an76hM_pKMTv76pjXW5A?guided_help_flow=3"]}]}},"_links":{"self":[{"href":"https:\/\/koirasalmi.com\/index.php\/wp-json\/wp\/v2\/pages\/84","targetHints":{"allow":["GET"]}}],"collection":[{"href":"https:\/\/koirasalmi.com\/index.php\/wp-json\/wp\/v2\/pages"}],"about":[{"href":"https:\/\/koirasalmi.com\/index.php\/wp-json\/wp\/v2\/types\/page"}],"author":[{"embeddable":true,"href":"https:\/\/koirasalmi.com\/index.php\/wp-json\/wp\/v2\/users\/1"}],"replies":[{"embeddable":true,"href":"https:\/\/koirasalmi.com\/index.php\/wp-json\/wp\/v2\/comments?post=84"}],"version-history":[{"count":19,"href":"https:\/\/koirasalmi.com\/index.php\/wp-json\/wp\/v2\/pages\/84\/revisions"}],"predecessor-version":[{"id":2318,"href":"https:\/\/koirasalmi.com\/index.php\/wp-json\/wp\/v2\/pages\/84\/revisions\/2318"}],"wp:attachment":[{"href":"https:\/\/koirasalmi.com\/index.php\/wp-json\/wp\/v2\/media?parent=84"}],"curies":[{"name":"wp","href":"https:\/\/api.w.org\/{rel}","templated":true}]}}